{"version":"1.0","provider_name":"SDF - Srpski demokratski forum","provider_url":"https:\/\/sdf.hr\/hr\/","title":"Branka Vierda: Mlade generacije mi donose mir - SDF - Srpski demokratski forum","type":"rich","width":600,"height":338,"html":"<blockquote class=\"wp-embedded-content\" data-secret=\"Oymxy1KLRp\"><a href=\"https:\/\/sdf.hr\/hr\/nada\/branka-vierda-mlade-generacije-mi-donose-mir\/\">Branka Vierda: Mlade generacije mi donose mir<\/a><\/blockquote><iframe sandbox=\"allow-scripts\" security=\"restricted\" src=\"https:\/\/sdf.hr\/hr\/nada\/branka-vierda-mlade-generacije-mi-donose-mir\/embed\/#?secret=Oymxy1KLRp\" width=\"600\" height=\"338\" title=\"&#8220;Branka Vierda: Mlade generacije mi donose mir&#8221; &#8212; SDF - Srpski demokratski forum\" data-secret=\"Oymxy1KLRp\" frameborder=\"0\" marginwidth=\"0\" marginheight=\"0\" scrolling=\"no\" class=\"wp-embedded-content\"><\/iframe><script type=\"text\/javascript\">\n\/* <![CDATA[ *\/\n\/*! This file is auto-generated *\/\n!function(d,l){\"use strict\";l.querySelector&&d.addEventListener&&\"undefined\"!=typeof URL&&(d.wp=d.wp||{},d.wp.receiveEmbedMessage||(d.wp.receiveEmbedMessage=function(e){var t=e.data;if((t||t.secret||t.message||t.value)&&!\/[^a-zA-Z0-9]\/.test(t.secret)){for(var s,r,n,a=l.querySelectorAll('iframe[data-secret=\"'+t.secret+'\"]'),o=l.querySelectorAll('blockquote[data-secret=\"'+t.secret+'\"]'),c=new RegExp(\"^https?:$\",\"i\"),i=0;i<o.length;i++)o[i].style.display=\"none\";for(i=0;i<a.length;i++)s=a[i],e.source===s.contentWindow&&(s.removeAttribute(\"style\"),\"height\"===t.message?(1e3<(r=parseInt(t.value,10))?r=1e3:~~r<200&&(r=200),s.height=r):\"link\"===t.message&&(r=new URL(s.getAttribute(\"src\")),n=new URL(t.value),c.test(n.protocol))&&n.host===r.host&&l.activeElement===s&&(d.top.location.href=t.value))}},d.addEventListener(\"message\",d.wp.receiveEmbedMessage,!1),l.addEventListener(\"DOMContentLoaded\",function(){for(var e,t,s=l.querySelectorAll(\"iframe.wp-embedded-content\"),r=0;r<s.length;r++)(t=(e=s[r]).getAttribute(\"data-secret\"))||(t=Math.random().toString(36).substring(2,12),e.src+=\"#?secret=\"+t,e.setAttribute(\"data-secret\",t)),e.contentWindow.postMessage({message:\"ready\",secret:t},\"*\")},!1)))}(window,document);\n\/\/# sourceURL=https:\/\/sdf.hr\/wp-includes\/js\/wp-embed.min.js\n\/* ]]> *\/\n<\/script>\n","thumbnail_url":"https:\/\/sdf.hr\/wp-content\/uploads\/2023\/12\/Vierda1_Sandro-Lendler-scaled.jpg","thumbnail_width":2560,"thumbnail_height":1706,"description":"Primje\u0107ujem da mla\u0111e aktivistkinje puno hrabrije propituju odnose unutar postoje\u0107eg sistema. Ne ka\u017eem da mi to nismo radile, ali nismo bile toliko javno glasne. Smatram da je to njihova prednost zahvaljuju\u0107i kojoj svi mo\u017eemo imati pozitivnu perspektivu"}

Primjećujem da mlađe aktivistkinje puno hrabrije propituju odnose unutar postojećeg sistema. Ne kažem da mi to nismo radile, ali nismo bile toliko javno glasne. Smatram da je to njihova prednost zahvaljujući kojoj svi možemo imati pozitivnu perspektivu
