{"version":"1.0","provider_name":"SDF - Srpski demokratski forum","provider_url":"https:\/\/sdf.hr\/hr\/","title":"Idemo do Arsena - SDF - Srpski demokratski forum","type":"rich","width":600,"height":338,"html":"<blockquote class=\"wp-embedded-content\" data-secret=\"OwcFNWyaS5\"><a href=\"https:\/\/sdf.hr\/hr\/nada\/idemo-do-arsena\/\">Idemo do Arsena<\/a><\/blockquote><iframe sandbox=\"allow-scripts\" security=\"restricted\" src=\"https:\/\/sdf.hr\/hr\/nada\/idemo-do-arsena\/embed\/#?secret=OwcFNWyaS5\" width=\"600\" height=\"338\" title=\"&#8220;Idemo do Arsena&#8221; &#8212; SDF - Srpski demokratski forum\" data-secret=\"OwcFNWyaS5\" frameborder=\"0\" marginwidth=\"0\" marginheight=\"0\" scrolling=\"no\" class=\"wp-embedded-content\"><\/iframe><script type=\"text\/javascript\">\n\/* <![CDATA[ *\/\n\/*! This file is auto-generated *\/\n!function(d,l){\"use strict\";l.querySelector&&d.addEventListener&&\"undefined\"!=typeof URL&&(d.wp=d.wp||{},d.wp.receiveEmbedMessage||(d.wp.receiveEmbedMessage=function(e){var t=e.data;if((t||t.secret||t.message||t.value)&&!\/[^a-zA-Z0-9]\/.test(t.secret)){for(var s,r,n,a=l.querySelectorAll('iframe[data-secret=\"'+t.secret+'\"]'),o=l.querySelectorAll('blockquote[data-secret=\"'+t.secret+'\"]'),c=new RegExp(\"^https?:$\",\"i\"),i=0;i<o.length;i++)o[i].style.display=\"none\";for(i=0;i<a.length;i++)s=a[i],e.source===s.contentWindow&&(s.removeAttribute(\"style\"),\"height\"===t.message?(1e3<(r=parseInt(t.value,10))?r=1e3:~~r<200&&(r=200),s.height=r):\"link\"===t.message&&(r=new URL(s.getAttribute(\"src\")),n=new URL(t.value),c.test(n.protocol))&&n.host===r.host&&l.activeElement===s&&(d.top.location.href=t.value))}},d.addEventListener(\"message\",d.wp.receiveEmbedMessage,!1),l.addEventListener(\"DOMContentLoaded\",function(){for(var e,t,s=l.querySelectorAll(\"iframe.wp-embedded-content\"),r=0;r<s.length;r++)(t=(e=s[r]).getAttribute(\"data-secret\"))||(t=Math.random().toString(36).substring(2,12),e.src+=\"#?secret=\"+t,e.setAttribute(\"data-secret\",t)),e.contentWindow.postMessage({message:\"ready\",secret:t},\"*\")},!1)))}(window,document);\n\/\/# sourceURL=https:\/\/sdf.hr\/wp-includes\/js\/wp-embed.min.js\n\/* ]]> *\/\n<\/script>\n","thumbnail_url":"https:\/\/sdf.hr\/wp-content\/uploads\/2022\/08\/Kuca-umjetnosti-Arsen_Dusko-Jaramaz-1-scaled.jpg","thumbnail_width":2560,"thumbnail_height":1646,"description":"Na mjestu nekada\u0161njeg najve\u0107eg \u0161ibenskog kina niknula je nova multimedijalna dvorana, nazvana Ku\u0107a umjetnosti Arsen. To je novi put kojim \u0160ibenik kro\u010di, orijentiran na kulturnu ba\u0161tinu kojom su ga zadu\u017eili njegovi brojni gra\u0111ani, me\u0111u kojima i Arsen Dedi\u0107"}

Na mjestu nekadašnjeg najvećeg šibenskog kina niknula je nova multimedijalna dvorana, nazvana Kuća umjetnosti Arsen. To je novi put kojim Šibenik kroči, orijentiran na kulturnu baštinu kojom su ga zadužili njegovi brojni građani, među kojima i Arsen Dedić
