{"version":"1.0","provider_name":"SDF - Srpski demokratski forum","provider_url":"https:\/\/sdf.hr\/hr\/","title":"Nastava koja se ne nastavlja - SDF - Srpski demokratski forum","type":"rich","width":600,"height":338,"html":"<blockquote class=\"wp-embedded-content\" data-secret=\"YoysE0lXhB\"><a href=\"https:\/\/sdf.hr\/hr\/nada\/nastava-koja-se-ne-nastavlja\/\">Nastava koja se ne nastavlja<\/a><\/blockquote><iframe sandbox=\"allow-scripts\" security=\"restricted\" src=\"https:\/\/sdf.hr\/hr\/nada\/nastava-koja-se-ne-nastavlja\/embed\/#?secret=YoysE0lXhB\" width=\"600\" height=\"338\" title=\"&#8220;Nastava koja se ne nastavlja&#8221; &#8212; SDF - Srpski demokratski forum\" data-secret=\"YoysE0lXhB\" frameborder=\"0\" marginwidth=\"0\" marginheight=\"0\" scrolling=\"no\" class=\"wp-embedded-content\"><\/iframe><script type=\"text\/javascript\">\n\/* <![CDATA[ *\/\n\/*! This file is auto-generated *\/\n!function(d,l){\"use strict\";l.querySelector&&d.addEventListener&&\"undefined\"!=typeof URL&&(d.wp=d.wp||{},d.wp.receiveEmbedMessage||(d.wp.receiveEmbedMessage=function(e){var t=e.data;if((t||t.secret||t.message||t.value)&&!\/[^a-zA-Z0-9]\/.test(t.secret)){for(var s,r,n,a=l.querySelectorAll('iframe[data-secret=\"'+t.secret+'\"]'),o=l.querySelectorAll('blockquote[data-secret=\"'+t.secret+'\"]'),c=new RegExp(\"^https?:$\",\"i\"),i=0;i<o.length;i++)o[i].style.display=\"none\";for(i=0;i<a.length;i++)s=a[i],e.source===s.contentWindow&&(s.removeAttribute(\"style\"),\"height\"===t.message?(1e3<(r=parseInt(t.value,10))?r=1e3:~~r<200&&(r=200),s.height=r):\"link\"===t.message&&(r=new URL(s.getAttribute(\"src\")),n=new URL(t.value),c.test(n.protocol))&&n.host===r.host&&l.activeElement===s&&(d.top.location.href=t.value))}},d.addEventListener(\"message\",d.wp.receiveEmbedMessage,!1),l.addEventListener(\"DOMContentLoaded\",function(){for(var e,t,s=l.querySelectorAll(\"iframe.wp-embedded-content\"),r=0;r<s.length;r++)(t=(e=s[r]).getAttribute(\"data-secret\"))||(t=Math.random().toString(36).substring(2,12),e.src+=\"#?secret=\"+t,e.setAttribute(\"data-secret\",t)),e.contentWindow.postMessage({message:\"ready\",secret:t},\"*\")},!1)))}(window,document);\n\/\/# sourceURL=https:\/\/sdf.hr\/wp-includes\/js\/wp-embed.min.js\n\/* ]]> *\/\n<\/script>\n","thumbnail_url":"https:\/\/sdf.hr\/wp-content\/uploads\/2024\/11\/kampanja-768x768.jpg","thumbnail_width":600,"thumbnail_height":600,"description":"Ve\u0107ina romske djece poha\u0111a segregirane razrede, jedva 31 posto ih ide u srednju \u0161kolu, a samo 0,8 posto Roma u Hrvatskoj ima zavr\u0161enu trogodi\u0161nju vi\u0161u \u0161kolu ili je visoko obrazovano. \"Romska djeca su socijalno isklju\u010dena\", ka\u017ee Sini\u0161a Senad Musi\u0107"}

Većina romske djece pohađa segregirane razrede, jedva 31 posto ih ide u srednju školu, a samo 0,8 posto Roma u Hrvatskoj ima završenu trogodišnju višu školu ili je visoko obrazovano. "Romska djeca su socijalno isključena", kaže Siniša Senad Musić
