{"version":"1.0","provider_name":"SDF - Srpski demokratski forum","provider_url":"https:\/\/sdf.hr\/hr\/","title":"Rumena Bu\u017earovska: Bile smo na meti desnice - SDF - Srpski demokratski forum","type":"rich","width":600,"height":338,"html":"<blockquote class=\"wp-embedded-content\" data-secret=\"sQj4jdIjvL\"><a href=\"https:\/\/sdf.hr\/hr\/nada\/rumena-buzarovska-bile-smo-na-meti-desnice\/\">Rumena Bu\u017earovska: Bile smo na meti desnice<\/a><\/blockquote><iframe sandbox=\"allow-scripts\" security=\"restricted\" src=\"https:\/\/sdf.hr\/hr\/nada\/rumena-buzarovska-bile-smo-na-meti-desnice\/embed\/#?secret=sQj4jdIjvL\" width=\"600\" height=\"338\" title=\"&#8220;Rumena Bu\u017earovska: Bile smo na meti desnice&#8221; &#8212; SDF - Srpski demokratski forum\" data-secret=\"sQj4jdIjvL\" frameborder=\"0\" marginwidth=\"0\" marginheight=\"0\" scrolling=\"no\" class=\"wp-embedded-content\"><\/iframe><script type=\"text\/javascript\">\n\/* <![CDATA[ *\/\n\/*! This file is auto-generated *\/\n!function(d,l){\"use strict\";l.querySelector&&d.addEventListener&&\"undefined\"!=typeof URL&&(d.wp=d.wp||{},d.wp.receiveEmbedMessage||(d.wp.receiveEmbedMessage=function(e){var t=e.data;if((t||t.secret||t.message||t.value)&&!\/[^a-zA-Z0-9]\/.test(t.secret)){for(var s,r,n,a=l.querySelectorAll('iframe[data-secret=\"'+t.secret+'\"]'),o=l.querySelectorAll('blockquote[data-secret=\"'+t.secret+'\"]'),c=new RegExp(\"^https?:$\",\"i\"),i=0;i<o.length;i++)o[i].style.display=\"none\";for(i=0;i<a.length;i++)s=a[i],e.source===s.contentWindow&&(s.removeAttribute(\"style\"),\"height\"===t.message?(1e3<(r=parseInt(t.value,10))?r=1e3:~~r<200&&(r=200),s.height=r):\"link\"===t.message&&(r=new URL(s.getAttribute(\"src\")),n=new URL(t.value),c.test(n.protocol))&&n.host===r.host&&l.activeElement===s&&(d.top.location.href=t.value))}},d.addEventListener(\"message\",d.wp.receiveEmbedMessage,!1),l.addEventListener(\"DOMContentLoaded\",function(){for(var e,t,s=l.querySelectorAll(\"iframe.wp-embedded-content\"),r=0;r<s.length;r++)(t=(e=s[r]).getAttribute(\"data-secret\"))||(t=Math.random().toString(36).substring(2,12),e.src+=\"#?secret=\"+t,e.setAttribute(\"data-secret\",t)),e.contentWindow.postMessage({message:\"ready\",secret:t},\"*\")},!1)))}(window,document);\n\/\/# sourceURL=https:\/\/sdf.hr\/wp-includes\/js\/wp-embed.min.js\n\/* ]]> *\/\n<\/script>\n","thumbnail_url":"https:\/\/sdf.hr\/wp-content\/uploads\/2022\/09\/Buzarovska1-1.jpg","thumbnail_width":2048,"thumbnail_height":1363,"description":"Donedavni zakon o abortusu u Makedoniji bio je stravi\u010dan kao i kampanja koja mu je prethodila. Feministi\u010dki pokret je, sre\u0107om, u tom periodu oja\u010dao, \u017eene su se osvijestile i probudile pa se i danas osje\u0107a sestrinstvo"}

Rumena Bužarovska: Bile smo na meti desnice - SDF - Srpski demokratski forum

<blockquote class="wp-embedded-content" data-secret="sQj4jdIjvL"><a href="https://sdf.hr/hr/nada/rumena-buzarovska-bile-smo-na-meti-desnice/">Rumena Bužarovska: Bile smo na meti desnice</a></blockquote><iframe sandbox="allow-scripts" security="restricted" src="https://sdf.hr/hr/nada/rumena-buzarovska-bile-smo-na-meti-desnice/embed/#?secret=sQj4jdIjvL" width="600" height="338" title="&#8220;Rumena Bužarovska: Bile smo na meti desnice&#8221; &#8212; SDF - Srpski demokratski forum" data-secret="sQj4jdIjvL" frameborder="0" marginwidth="0" marginheight="0" scrolling="no" class="wp-embedded-content"></iframe><script type="text/javascript">
/* <![CDATA[ */
/*! This file is auto-generated */
!function(d,l){"use strict";l.querySelector&&d.addEventListener&&"undefined"!=typeof URL&&(d.wp=d.wp||{},d.wp.receiveEmbedMessage||(d.wp.receiveEmbedMessage=function(e){var t=e.data;if((t||t.secret||t.message||t.value)&&!/[^a-zA-Z0-9]/.test(t.secret)){for(var s,r,n,a=l.querySelectorAll('iframe[data-secret="'+t.secret+'"]'),o=l.querySelectorAll('blockquote[data-secret="'+t.secret+'"]'),c=new RegExp("^https?:$","i"),i=0;i<o.length;i++)o[i].style.display="none";for(i=0;i<a.length;i++)s=a[i],e.source===s.contentWindow&&(s.removeAttribute("style"),"height"===t.message?(1e3<(r=parseInt(t.value,10))?r=1e3:~~r<200&&(r=200),s.height=r):"link"===t.message&&(r=new URL(s.getAttribute("src")),n=new URL(t.value),c.test(n.protocol))&&n.host===r.host&&l.activeElement===s&&(d.top.location.href=t.value))}},d.addEventListener("message",d.wp.receiveEmbedMessage,!1),l.addEventListener("DOMContentLoaded",function(){for(var e,t,s=l.querySelectorAll("iframe.wp-embedded-content"),r=0;r<s.length;r++)(t=(e=s[r]).getAttribute("data-secret"))||(t=Math.random().toString(36).substring(2,12),e.src+="#?secret="+t,e.setAttribute("data-secret",t)),e.contentWindow.postMessage({message:"ready",secret:t},"*")},!1)))}(window,document);
//# sourceURL=https://sdf.hr/wp-includes/js/wp-embed.min.js
/* ]]> */
</script>

Donedavni zakon o abortusu u Makedoniji bio je stravičan kao i kampanja koja mu je prethodila. Feministički pokret je, srećom, u tom periodu ojačao, žene su se osvijestile i probudile pa se i danas osjeća sestrinstvo
