{"id":3876,"date":"2023-11-19T10:00:12","date_gmt":"2023-11-19T09:00:12","guid":{"rendered":"https:\/\/sdf.hr\/nada\/vanilijasti-kifli\/"},"modified":"2023-11-19T10:04:36","modified_gmt":"2023-11-19T09:04:36","slug":"vanilijasti-kifli","status":"publish","type":"nada","link":"https:\/\/sdf.hr\/hr\/nada\/vanilijasti-kifli\/","title":{"rendered":"Vanilijasti kifli"},"content":{"rendered":"<p>Nema praznika bez kola\u010di\u0107a, a kakvi bi to praznici bili bez kiflica. Klasik me\u0111u kiflicama su one s bademima ili orasima pa uvaljane u \u0161e\u0107er u prahu. Kao dijete ih nisam ba\u0161 voljela jer su bile uvijek prisutne, ali s godinama sve vi\u0161e cijenim te starinske kola\u010di\u0107e. Kada se tek ispeku su prhke, a stajanjem omek\u0161aju i tope se u ustima. Dok ih pe\u010dete, cijela ku\u0107a \u0107e zamirisati po orasima i vaniliji.<\/p>\n<p>Ovaj recept je zapisan u staru bilje\u017enicu, ali sam ga na\u0161la i na po\u017eutjelom papiri\u0107u uz napomenu da je prepisan 1941. godine. U svakom slu\u010daju, rije\u010d je o pravim, doma\u0107im, starinskim kiflicama koje se pripremaju s bademima ili orasima, a za umijesiti tijesto je potreban maslac ili mast. U pripremi sam ovaj put koristila glatko bra\u0161no pa su malo splasnule u pe\u010denju i zbog toga su tanje i prhkije. Ako koristite o\u0161tro bra\u0161no, zadr\u017eat \u0107e formu ro\u0161\u010di\u0107a pa kako volite. Okus im je kao iz djetinjstva, pa ako ste nostalgi\u010dno raspolo\u017eeni kad su u pitanju kola\u010di, isprobajte ovaj stari recept.<\/p>\n<p>Ako ne koristite mast u pripremi kola\u010da, stavite maslac sobne temperature. Postupak je isti kao i za sve prhke kola\u010di\u0107e \u2013 nakon \u0161to umijesite tijesto, potrebno ga je ostaviti barem sat vremena u hladnjaku. Nakon pe\u010denja, kiflice uvaljajte u \u0161e\u0107er u prahu dok su vru\u0107e.<\/p>\n<p>Doma\u0107ica je u bilje\u017enicu zapisala ovako: &#8220;Primjesa: 20 dkg bra\u0161na, 14 dkg masti ili maslaca, 10 dkg ribanih badema, 1 \u017elicu Dr. Oetker pra\u0161ka za pecivo, 10 dkg \u0161e\u0107era, 1 omoti\u0107 Dr. Oetker vanilinova \u0161e\u0107era. Zgotovljanje: u\u010dini tijesto iz maslaca, bra\u0161na, badema, \u0161e\u0107era i pra\u0161ka za pecivo. Iz toga u\u010dini kifle, metni ih u oma\u0161ten kalup i polagano peci na umjerenoj vatri. Kifle jo\u0161 vru\u0107e povaljaj u vanilinov \u0161e\u0107er.&#8221;<\/p>\n<p>Za pripremu ovih kiflica sam koristila mast i mljevene orahe. Jednako su ukusne i s maslacem i bademima. Od ove smjese dobit \u0107ete dva lima kiflica.<\/p>\n<p>&nbsp;<\/p>\n<p><em>Sastojci:<\/em><\/p>\n<p>200 g bra\u0161na<\/p>\n<p>120 g masti sobne temperature (ili 140 g maslaca sobne temperature)<\/p>\n<p>100 g mljevenih oraha ili badema<\/p>\n<p>1 \u017eli\u010dica pra\u0161ka za pecivo<\/p>\n<p>100 g \u0161e\u0107era<\/p>\n<p>1 vanilin \u0161e\u0107er<\/p>\n<p>\u0161e\u0107er u prahu za uvaljati kiflice<\/p>\n<p>&nbsp;<\/p>\n<p><em>Priprema:<\/em><\/p>\n<p>U posudi izradite mast ili maslac pa dodajte obje vrste \u0161e\u0107era i mije\u0161ajte dok ne dobijete svijetlu i glatku smjesu. Dodajte prosijano bra\u0161no s pra\u0161kom za pecivo i mljevene orahe. Zamijesite tijesto pa ga zamotajte u prozirnu foliju i spremite na hla\u0111enje (nekih sat vremena).<\/p>\n<p>Ohla\u0111eno tijesto podijelite na \u010detiri dijela. Od svakog dijela oblikujte valjak debljine malog prsta. Re\u017eite dijelove na nekih \u010detiri cm duljine pa oblikujte ro\u0161\u010di\u0107e\/kiflice. Sla\u017eite ih s razmakom u pleh oblo\u017een papirom za pe\u010denja. Pecite kiflice na 180 stupnjeva nekih 10 do 12 minuta (ne smiju potamniti). Vru\u0107e uvaljajte u \u0161e\u0107er u prahu. \u010cuvajte ih u limenoj kutiji.<\/p>\n<p>Dobar tek!<\/p>\n<p><em>pi\u0161e Valentina Vukadinovi\u0107<\/em><\/p>\n","protected":false},"excerpt":{"rendered":"<p>Rije\u010d je o pravim, doma\u0107im, starinskim kiflicama koje se pripremaju s bademima ili orasima, a za umijesiti tijesto je potreban maslac ili mast<\/p>\n","protected":false},"featured_media":3875,"template":"","tags":[42],"atribut":[],"class_list":["post-3876","nada","type-nada","status-publish","has-post-thumbnail","hentry","tag-gorski-kotao"],"acf":[],"yoast_head":"<!-- This site is optimized with the Yoast SEO plugin v27.4 - https:\/\/yoast.com\/product\/yoast-seo-wordpress\/ -->\n<title>Vanilijasti kifli - SDF - Srpski demokratski forum<\/title>\n<meta name=\"robots\" content=\"index, follow, max-snippet:-1, max-image-preview:large, max-video-preview:-1\" \/>\n<link rel=\"canonical\" href=\"https:\/\/sdf.hr\/hr\/nada\/vanilijasti-kifli\/\" \/>\n<meta property=\"og:locale\" content=\"hr_HR\" \/>\n<meta property=\"og:type\" content=\"article\" \/>\n<meta property=\"og:title\" content=\"Vanilijasti kifli - SDF - Srpski demokratski forum\" \/>\n<meta property=\"og:description\" content=\"Rije\u010d je o pravim, doma\u0107im, starinskim kiflicama koje se pripremaju s bademima ili orasima, a za umijesiti tijesto je potreban maslac ili mast\" \/>\n<meta property=\"og:url\" content=\"https:\/\/sdf.hr\/hr\/nada\/vanilijasti-kifli\/\" \/>\n<meta property=\"og:site_name\" content=\"SDF - Srpski demokratski forum\" \/>\n<meta property=\"article:modified_time\" content=\"2023-11-19T09:04:36+00:00\" \/>\n<meta property=\"og:image\" content=\"https:\/\/sdf.hr\/wp-content\/uploads\/2023\/11\/Kifli.jpg\" \/>\n\t<meta property=\"og:image:width\" content=\"1960\" \/>\n\t<meta property=\"og:image:height\" content=\"1887\" \/>\n\t<meta property=\"og:image:type\" content=\"image\/jpeg\" \/>\n<meta name=\"twitter:card\" content=\"summary_large_image\" \/>\n<meta name=\"twitter:label1\" content=\"Procijenjeno vrijeme \u010ditanja\" \/>\n\t<meta name=\"twitter:data1\" content=\"3 minute\" \/>\n<script type=\"application\/ld+json\" class=\"yoast-schema-graph\">{\"@context\":\"https:\\\/\\\/schema.org\",\"@graph\":[{\"@type\":\"WebPage\",\"@id\":\"https:\\\/\\\/sdf.hr\\\/hr\\\/nada\\\/vanilijasti-kifli\\\/\",\"url\":\"https:\\\/\\\/sdf.hr\\\/hr\\\/nada\\\/vanilijasti-kifli\\\/\",\"name\":\"Vanilijasti kifli - SDF - Srpski demokratski forum\",\"isPartOf\":{\"@id\":\"https:\\\/\\\/sdf.hr\\\/#website\"},\"primaryImageOfPage\":{\"@id\":\"https:\\\/\\\/sdf.hr\\\/hr\\\/nada\\\/vanilijasti-kifli\\\/#primaryimage\"},\"image\":{\"@id\":\"https:\\\/\\\/sdf.hr\\\/hr\\\/nada\\\/vanilijasti-kifli\\\/#primaryimage\"},\"thumbnailUrl\":\"https:\\\/\\\/sdf.hr\\\/wp-content\\\/uploads\\\/2023\\\/11\\\/Kifli.jpg\",\"datePublished\":\"2023-11-19T09:00:12+00:00\",\"dateModified\":\"2023-11-19T09:04:36+00:00\",\"breadcrumb\":{\"@id\":\"https:\\\/\\\/sdf.hr\\\/hr\\\/nada\\\/vanilijasti-kifli\\\/#breadcrumb\"},\"inLanguage\":\"hr\",\"potentialAction\":[{\"@type\":\"ReadAction\",\"target\":[\"https:\\\/\\\/sdf.hr\\\/hr\\\/nada\\\/vanilijasti-kifli\\\/\"]}]},{\"@type\":\"ImageObject\",\"inLanguage\":\"hr\",\"@id\":\"https:\\\/\\\/sdf.hr\\\/hr\\\/nada\\\/vanilijasti-kifli\\\/#primaryimage\",\"url\":\"https:\\\/\\\/sdf.hr\\\/wp-content\\\/uploads\\\/2023\\\/11\\\/Kifli.jpg\",\"contentUrl\":\"https:\\\/\\\/sdf.hr\\\/wp-content\\\/uploads\\\/2023\\\/11\\\/Kifli.jpg\",\"width\":1960,\"height\":1887},{\"@type\":\"BreadcrumbList\",\"@id\":\"https:\\\/\\\/sdf.hr\\\/hr\\\/nada\\\/vanilijasti-kifli\\\/#breadcrumb\",\"itemListElement\":[{\"@type\":\"ListItem\",\"position\":1,\"name\":\"Po\u010detna stranica\",\"item\":\"https:\\\/\\\/sdf.hr\\\/hr\\\/\"},{\"@type\":\"ListItem\",\"position\":2,\"name\":\"Nada\",\"item\":\"https:\\\/\\\/sdf.hr\\\/nada\\\/\"},{\"@type\":\"ListItem\",\"position\":3,\"name\":\"Vanilijasti kifli\"}]},{\"@type\":\"WebSite\",\"@id\":\"https:\\\/\\\/sdf.hr\\\/#website\",\"url\":\"https:\\\/\\\/sdf.hr\\\/\",\"name\":\"SDF - Srpski demokratski forum\",\"description\":\"Srpski demokratski forum\",\"publisher\":{\"@id\":\"https:\\\/\\\/sdf.hr\\\/#organization\"},\"potentialAction\":[{\"@type\":\"SearchAction\",\"target\":{\"@type\":\"EntryPoint\",\"urlTemplate\":\"https:\\\/\\\/sdf.hr\\\/?s={search_term_string}\"},\"query-input\":{\"@type\":\"PropertyValueSpecification\",\"valueRequired\":true,\"valueName\":\"search_term_string\"}}],\"inLanguage\":\"hr\"},{\"@type\":\"Organization\",\"@id\":\"https:\\\/\\\/sdf.hr\\\/#organization\",\"name\":\"SDF - Srpski demokratski forum\",\"url\":\"https:\\\/\\\/sdf.hr\\\/\",\"logo\":{\"@type\":\"ImageObject\",\"inLanguage\":\"hr\",\"@id\":\"https:\\\/\\\/sdf.hr\\\/#\\\/schema\\\/logo\\\/image\\\/\",\"url\":\"https:\\\/\\\/sdf.hr\\\/wp-content\\\/uploads\\\/2021\\\/07\\\/logo-hr.svg\",\"contentUrl\":\"https:\\\/\\\/sdf.hr\\\/wp-content\\\/uploads\\\/2021\\\/07\\\/logo-hr.svg\",\"width\":271,\"height\":100,\"caption\":\"SDF - Srpski demokratski forum\"},\"image\":{\"@id\":\"https:\\\/\\\/sdf.hr\\\/#\\\/schema\\\/logo\\\/image\\\/\"}}]}<\/script>\n<!-- \/ Yoast SEO plugin. -->","yoast_head_json":{"title":"Vanilijasti kifli - SDF - Srpski demokratski forum","robots":{"index":"index","follow":"follow","max-snippet":"max-snippet:-1","max-image-preview":"max-image-preview:large","max-video-preview":"max-video-preview:-1"},"canonical":"https:\/\/sdf.hr\/hr\/nada\/vanilijasti-kifli\/","og_locale":"hr_HR","og_type":"article","og_title":"Vanilijasti kifli - SDF - Srpski demokratski forum","og_description":"Rije\u010d je o pravim, doma\u0107im, starinskim kiflicama koje se pripremaju s bademima ili orasima, a za umijesiti tijesto je potreban maslac ili mast","og_url":"https:\/\/sdf.hr\/hr\/nada\/vanilijasti-kifli\/","og_site_name":"SDF - Srpski demokratski forum","article_modified_time":"2023-11-19T09:04:36+00:00","og_image":[{"width":1960,"height":1887,"url":"https:\/\/sdf.hr\/wp-content\/uploads\/2023\/11\/Kifli.jpg","type":"image\/jpeg"}],"twitter_card":"summary_large_image","twitter_misc":{"Procijenjeno vrijeme \u010ditanja":"3 minute"},"schema":{"@context":"https:\/\/schema.org","@graph":[{"@type":"WebPage","@id":"https:\/\/sdf.hr\/hr\/nada\/vanilijasti-kifli\/","url":"https:\/\/sdf.hr\/hr\/nada\/vanilijasti-kifli\/","name":"Vanilijasti kifli - SDF - Srpski demokratski forum","isPartOf":{"@id":"https:\/\/sdf.hr\/#website"},"primaryImageOfPage":{"@id":"https:\/\/sdf.hr\/hr\/nada\/vanilijasti-kifli\/#primaryimage"},"image":{"@id":"https:\/\/sdf.hr\/hr\/nada\/vanilijasti-kifli\/#primaryimage"},"thumbnailUrl":"https:\/\/sdf.hr\/wp-content\/uploads\/2023\/11\/Kifli.jpg","datePublished":"2023-11-19T09:00:12+00:00","dateModified":"2023-11-19T09:04:36+00:00","breadcrumb":{"@id":"https:\/\/sdf.hr\/hr\/nada\/vanilijasti-kifli\/#breadcrumb"},"inLanguage":"hr","potentialAction":[{"@type":"ReadAction","target":["https:\/\/sdf.hr\/hr\/nada\/vanilijasti-kifli\/"]}]},{"@type":"ImageObject","inLanguage":"hr","@id":"https:\/\/sdf.hr\/hr\/nada\/vanilijasti-kifli\/#primaryimage","url":"https:\/\/sdf.hr\/wp-content\/uploads\/2023\/11\/Kifli.jpg","contentUrl":"https:\/\/sdf.hr\/wp-content\/uploads\/2023\/11\/Kifli.jpg","width":1960,"height":1887},{"@type":"BreadcrumbList","@id":"https:\/\/sdf.hr\/hr\/nada\/vanilijasti-kifli\/#breadcrumb","itemListElement":[{"@type":"ListItem","position":1,"name":"Po\u010detna stranica","item":"https:\/\/sdf.hr\/hr\/"},{"@type":"ListItem","position":2,"name":"Nada","item":"https:\/\/sdf.hr\/nada\/"},{"@type":"ListItem","position":3,"name":"Vanilijasti kifli"}]},{"@type":"WebSite","@id":"https:\/\/sdf.hr\/#website","url":"https:\/\/sdf.hr\/","name":"SDF - Srpski demokratski forum","description":"Srpski demokratski forum","publisher":{"@id":"https:\/\/sdf.hr\/#organization"},"potentialAction":[{"@type":"SearchAction","target":{"@type":"EntryPoint","urlTemplate":"https:\/\/sdf.hr\/?s={search_term_string}"},"query-input":{"@type":"PropertyValueSpecification","valueRequired":true,"valueName":"search_term_string"}}],"inLanguage":"hr"},{"@type":"Organization","@id":"https:\/\/sdf.hr\/#organization","name":"SDF - Srpski demokratski forum","url":"https:\/\/sdf.hr\/","logo":{"@type":"ImageObject","inLanguage":"hr","@id":"https:\/\/sdf.hr\/#\/schema\/logo\/image\/","url":"https:\/\/sdf.hr\/wp-content\/uploads\/2021\/07\/logo-hr.svg","contentUrl":"https:\/\/sdf.hr\/wp-content\/uploads\/2021\/07\/logo-hr.svg","width":271,"height":100,"caption":"SDF - Srpski demokratski forum"},"image":{"@id":"https:\/\/sdf.hr\/#\/schema\/logo\/image\/"}}]}},"_links":{"self":[{"href":"https:\/\/sdf.hr\/hr\/wp-json\/wp\/v2\/nada\/3876","targetHints":{"allow":["GET"]}}],"collection":[{"href":"https:\/\/sdf.hr\/hr\/wp-json\/wp\/v2\/nada"}],"about":[{"href":"https:\/\/sdf.hr\/hr\/wp-json\/wp\/v2\/types\/nada"}],"wp:featuredmedia":[{"embeddable":true,"href":"https:\/\/sdf.hr\/hr\/wp-json\/wp\/v2\/media\/3875"}],"wp:attachment":[{"href":"https:\/\/sdf.hr\/hr\/wp-json\/wp\/v2\/media?parent=3876"}],"wp:term":[{"taxonomy":"post_tag","embeddable":true,"href":"https:\/\/sdf.hr\/hr\/wp-json\/wp\/v2\/tags?post=3876"},{"taxonomy":"atribut","embeddable":true,"href":"https:\/\/sdf.hr\/hr\/wp-json\/wp\/v2\/atribut?post=3876"}],"curies":[{"name":"wp","href":"https:\/\/api.w.org\/{rel}","templated":true}]}}

<p>Nema praznika bez kolačića, a kakvi bi to praznici bili bez kiflica. Klasik među kiflicama su one s bademima ili orasima pa uvaljane u šećer u prahu. Kao dijete ih nisam baš voljela jer su bile uvijek prisutne, ali s godinama sve više cijenim te starinske kolačiće. Kada se tek ispeku su prhke, a stajanjem omekšaju i tope se u ustima. Dok ih pečete, cijela kuća će zamirisati po orasima i vaniliji.</p>
<p>Ovaj recept je zapisan u staru bilježnicu, ali sam ga našla i na požutjelom papiriću uz napomenu da je prepisan 1941. godine. U svakom slučaju, riječ je o pravim, domaćim, starinskim kiflicama koje se pripremaju s bademima ili orasima, a za umijesiti tijesto je potreban maslac ili mast. U pripremi sam ovaj put koristila glatko brašno pa su malo splasnule u pečenju i zbog toga su tanje i prhkije. Ako koristite oštro brašno, zadržat će formu roščića pa kako volite. Okus im je kao iz djetinjstva, pa ako ste nostalgično raspoloženi kad su u pitanju kolači, isprobajte ovaj stari recept.</p>
<p>Ako ne koristite mast u pripremi kolača, stavite maslac sobne temperature. Postupak je isti kao i za sve prhke kolačiće – nakon što umijesite tijesto, potrebno ga je ostaviti barem sat vremena u hladnjaku. Nakon pečenja, kiflice uvaljajte u šećer u prahu dok su vruće.</p>
<p>Domaćica je u bilježnicu zapisala ovako: &#8220;Primjesa: 20 dkg brašna, 14 dkg masti ili maslaca, 10 dkg ribanih badema, 1 žlicu Dr. Oetker praška za pecivo, 10 dkg šećera, 1 omotić Dr. Oetker vanilinova šećera. Zgotovljanje: učini tijesto iz maslaca, brašna, badema, šećera i praška za pecivo. Iz toga učini kifle, metni ih u omašten kalup i polagano peci na umjerenoj vatri. Kifle još vruće povaljaj u vanilinov šećer.&#8221;</p>
<p>Za pripremu ovih kiflica sam koristila mast i mljevene orahe. Jednako su ukusne i s maslacem i bademima. Od ove smjese dobit ćete dva lima kiflica.</p>
<p>&nbsp;</p>
<p><em>Sastojci:</em></p>
<p>200 g brašna</p>
<p>120 g masti sobne temperature (ili 140 g maslaca sobne temperature)</p>
<p>100 g mljevenih oraha ili badema</p>
<p>1 žličica praška za pecivo</p>
<p>100 g šećera</p>
<p>1 vanilin šećer</p>
<p>šećer u prahu za uvaljati kiflice</p>
<p>&nbsp;</p>
<p><em>Priprema:</em></p>
<p>U posudi izradite mast ili maslac pa dodajte obje vrste šećera i miješajte dok ne dobijete svijetlu i glatku smjesu. Dodajte prosijano brašno s praškom za pecivo i mljevene orahe. Zamijesite tijesto pa ga zamotajte u prozirnu foliju i spremite na hlađenje (nekih sat vremena).</p>
<p>Ohlađeno tijesto podijelite na četiri dijela. Od svakog dijela oblikujte valjak debljine malog prsta. Režite dijelove na nekih četiri cm duljine pa oblikujte roščiće/kiflice. Slažite ih s razmakom u pleh obložen papirom za pečenja. Pecite kiflice na 180 stupnjeva nekih 10 do 12 minuta (ne smiju potamniti). Vruće uvaljajte u šećer u prahu. Čuvajte ih u limenoj kutiji.</p>
<p>Dobar tek!</p>
<p><em>piše Valentina Vukadinović</em></p>

<p>Riječ je o pravim, domaćim, starinskim kiflicama koje se pripremaju s bademima ili orasima, a za umijesiti tijesto je potreban maslac ili mast</p>

<!-- This site is optimized with the Yoast SEO plugin v27.4 - https://yoast.com/product/yoast-seo-wordpress/ -->
<title>Vanilijasti kifli - SDF - Srpski demokratski forum</title>
<meta name="robots" content="index, follow, max-snippet:-1, max-image-preview:large, max-video-preview:-1" />
<link rel="canonical" href="https://sdf.hr/hr/nada/vanilijasti-kifli/" />
<meta property="og:locale" content="hr_HR" />
<meta property="og:type" content="article" />
<meta property="og:title" content="Vanilijasti kifli - SDF - Srpski demokratski forum" />
<meta property="og:description" content="Riječ je o pravim, domaćim, starinskim kiflicama koje se pripremaju s bademima ili orasima, a za umijesiti tijesto je potreban maslac ili mast" />
<meta property="og:url" content="https://sdf.hr/hr/nada/vanilijasti-kifli/" />
<meta property="og:site_name" content="SDF - Srpski demokratski forum" />
<meta property="article:modified_time" content="2023-11-19T09:04:36+00:00" />
<meta property="og:image" content="https://sdf.hr/wp-content/uploads/2023/11/Kifli.jpg" />
	<meta property="og:image:width" content="1960" />
	<meta property="og:image:height" content="1887" />
	<meta property="og:image:type" content="image/jpeg" />
<meta name="twitter:card" content="summary_large_image" />
<meta name="twitter:label1" content="Procijenjeno vrijeme čitanja" />
	<meta name="twitter:data1" content="3 minute" />
<script type="application/ld+json" class="yoast-schema-graph">{"@context":"https:\/\/schema.org","@graph":[{"@type":"WebPage","@id":"https:\/\/sdf.hr\/hr\/nada\/vanilijasti-kifli\/","url":"https:\/\/sdf.hr\/hr\/nada\/vanilijasti-kifli\/","name":"Vanilijasti kifli - SDF - Srpski demokratski forum","isPartOf":{"@id":"https:\/\/sdf.hr\/#website"},"primaryImageOfPage":{"@id":"https:\/\/sdf.hr\/hr\/nada\/vanilijasti-kifli\/#primaryimage"},"image":{"@id":"https:\/\/sdf.hr\/hr\/nada\/vanilijasti-kifli\/#primaryimage"},"thumbnailUrl":"https:\/\/sdf.hr\/wp-content\/uploads\/2023\/11\/Kifli.jpg","datePublished":"2023-11-19T09:00:12+00:00","dateModified":"2023-11-19T09:04:36+00:00","breadcrumb":{"@id":"https:\/\/sdf.hr\/hr\/nada\/vanilijasti-kifli\/#breadcrumb"},"inLanguage":"hr","potentialAction":[{"@type":"ReadAction","target":["https:\/\/sdf.hr\/hr\/nada\/vanilijasti-kifli\/"]}]},{"@type":"ImageObject","inLanguage":"hr","@id":"https:\/\/sdf.hr\/hr\/nada\/vanilijasti-kifli\/#primaryimage","url":"https:\/\/sdf.hr\/wp-content\/uploads\/2023\/11\/Kifli.jpg","contentUrl":"https:\/\/sdf.hr\/wp-content\/uploads\/2023\/11\/Kifli.jpg","width":1960,"height":1887},{"@type":"BreadcrumbList","@id":"https:\/\/sdf.hr\/hr\/nada\/vanilijasti-kifli\/#breadcrumb","itemListElement":[{"@type":"ListItem","position":1,"name":"Početna stranica","item":"https:\/\/sdf.hr\/hr\/"},{"@type":"ListItem","position":2,"name":"Nada","item":"https:\/\/sdf.hr\/nada\/"},{"@type":"ListItem","position":3,"name":"Vanilijasti kifli"}]},{"@type":"WebSite","@id":"https:\/\/sdf.hr\/#website","url":"https:\/\/sdf.hr\/","name":"SDF - Srpski demokratski forum","description":"Srpski demokratski forum","publisher":{"@id":"https:\/\/sdf.hr\/#organization"},"potentialAction":[{"@type":"SearchAction","target":{"@type":"EntryPoint","urlTemplate":"https:\/\/sdf.hr\/?s={search_term_string}"},"query-input":{"@type":"PropertyValueSpecification","valueRequired":true,"valueName":"search_term_string"}}],"inLanguage":"hr"},{"@type":"Organization","@id":"https:\/\/sdf.hr\/#organization","name":"SDF - Srpski demokratski forum","url":"https:\/\/sdf.hr\/","logo":{"@type":"ImageObject","inLanguage":"hr","@id":"https:\/\/sdf.hr\/#\/schema\/logo\/image\/","url":"https:\/\/sdf.hr\/wp-content\/uploads\/2021\/07\/logo-hr.svg","contentUrl":"https:\/\/sdf.hr\/wp-content\/uploads\/2021\/07\/logo-hr.svg","width":271,"height":100,"caption":"SDF - Srpski demokratski forum"},"image":{"@id":"https:\/\/sdf.hr\/#\/schema\/logo\/image\/"}}]}</script>
<!-- / Yoast SEO plugin. -->

Riječ je o pravim, domaćim, starinskim kiflicama koje se pripremaju s bademima ili orasima, a za umijesiti tijesto je potreban maslac ili mast

Početna stranica
