{"id":4505,"date":"2024-03-17T08:43:27","date_gmt":"2024-03-17T07:43:27","guid":{"rendered":"https:\/\/sdf.hr\/?post_type=nada&#038;p=4505"},"modified":"2024-03-15T12:44:47","modified_gmt":"2024-03-15T11:44:47","slug":"kruh-s-domacim-kvascem","status":"publish","type":"nada","link":"https:\/\/sdf.hr\/hr\/nada\/kruh-s-domacim-kvascem\/","title":{"rendered":"Kruh s doma\u0107im kvascem"},"content":{"rendered":"<p>U ovom broju Nade objasnit \u0107u na\u010din izrade kruha te metode rukovanja s tijestom. Prvi savjet koji je i najbitniji u cijelom procesu je: u\u017eivajte! Opustite se, dajte si vremena i rezultat ne\u0107e izostati. \u010cak i najneuspje\u0161niji kruh s doma\u0107im kvascem nije se bacio jer uvijek mo\u017eete napraviti krutone, kru\u0161ne mrvice, pope\u0107i ga na tavi ili iskoristiti za neko drugo jelo. Osim nekoliko sastojaka, vode, bra\u0161na, soli i doma\u0107eg kvasca, za ovaj kruh su vam potrebni samo vrijeme i strpljenje te malo vje\u0161tine.<\/p>\n<p>&nbsp;<\/p>\n<p><strong><em>Sastojci:<\/em><\/strong><\/p>\n<p>400 g bra\u0161na (mo\u017eete kombinirati 100 g p\u0161eni\u010dno bijelo iz mlina, 200 g bra\u0161na za dizana tijesta, 100 g manitoba ili po vlastitom ukusu)<\/p>\n<p>295 g vode (ako ste po\u010detnik, stavite 280)<\/p>\n<p>80 g \u010dvrstog kvasca<\/p>\n<p>9 g soli<\/p>\n<p>1 \u017eli\u010dica meda<\/p>\n<p>&nbsp;<\/p>\n<p><strong><em>Priprema:<\/em><\/strong><\/p>\n<p>Najprije pomije\u0161ajte bra\u0161no i vodu da dobijete meko tijesto koje ne treba biti glatko i izra\u0111eno. Pokrijte da se ne stvara korica i ostavite da stoji sat vremena. Ta faza, u kojoj se bra\u0161no otapa u vodi i osloba\u0111a hranu za kvasce, naziva se autoliza. Autoliza mo\u017ee trajati od 30 min pa \u010dak do 12 sati, no ja uvijek ostavim nekih sat vremena. Nakon sat vremena dodajte \u010dvrsti bijeli kvasac, umijesite ga da se potpuno ukomponira u tijesto i opet pokrijte pa ostavite da stoji nekih 20 min. Na kraju dodajte sol i med te mijesite nekih 10 min. Tijesto neka bude kompaktno i sol se mora posve otopiti.<\/p>\n<p>Pokrijte i ostavite 30 min do sat vremena. Napravite prvo rastezanje tako da namo\u010dite ruku vodom pa uhvatite rub tijesta (podvucite prste ispod) i povu\u010dete ga u vis (rastegnite koliko ide), a zatim ga preklopite. Zarotirajte zdjelu i ponavljajte isto dok tijesto ne po\u010dne pru\u017eati otpor. Isti postupak se ponavlja jo\u0161 dva puta svakih 30 do 40 min.<\/p>\n<p>Nakon rastezanja radite preklapanje tako da s obje namo\u010dene ruke odignete tijesto od posude (podvucite prste pod tijesto i odignite ga da se odlijepi od posude) i lagano ga spustite i tako tri do \u010detiri puta u razmaku od nekih 30 min. Pokrijte tijesto i ostavite da raste.<\/p>\n<p>Dizanje tijesta po\u010dinje od trenutka stavljanja startera i ovisno o temperaturi prostorije, mo\u017ee trajati od par pa do deset sati. Nekakav okvirni omjer je oko \u010detiri do \u0161est sati na 24 stupnja. \u0160to je temperatura ni\u017ea, trebat \u0107e vi\u0161e vremena.<\/p>\n<p>Kada vidite da je spremno, dignuto nekih 50 do 70 posto i ima puno mjehuri\u0107a, oblikujte tijesto u \u0161trucu. To radite na podlozi posutoj s malo bra\u0161na. Preklopite lijevu i desnu stranu, preklopite gornji dio poput pisma, zarolajte sve skupa i spojite krajeve da zrak ostane u \u0161truci. Par puta dlanovima zarotirate o podlogu da se stvori povr\u0161inska tenzija i pospite povr\u0161inu tijesta s malo bra\u0161na. Zatim ga spremite u ko\u0161aricu za dizanje (stavim platnenu krpu koju pobra\u0161nim), umotajte u vre\u0107icu ili kapu za tu\u0161iranje i spremite na no\u0107enje u hladnjak da fermentira. Hladna fermentacija mo\u017ee trajati od samo par sati pa do 24 ili 48 sati. Kod mene je to od osam pa do 36 sati.<\/p>\n<p>Prije samog pe\u010denja, potrebno je zagrijati pe\u0107nicu i posudu za pe\u010denje. Koristim \u017eeljeznu posudu s poklopcem pa sve stavim u pe\u0107nicu i zagrijem na 250 stupnjeva otprilike 45 min. Kruh iz hladnjaka prevrnite na papir za pe\u010denje, zare\u017eite \u017eiletom i stavite pe\u0107i (poklopljen). U prvih 20 min mu je potrebna vodena para koju mo\u017eete stvoriti ako stavite kockicu ili dvije leda pod kruh. Nakon 25 min skinite poklopac i pecite kruh 15 do 20 min do \u017eeljene boje korice. Poku\u0161ajte do\u010dekati da se ohladi i u\u017eivajte u posebnom okusu.<\/p>\n<p>Dobar tek!<\/p>\n<p><em>pi\u0161e Valentina Vukadinovi\u0107<\/em><\/p>\n","protected":false},"excerpt":{"rendered":"<p>U ovom broju Nade objasnit \u0107u na\u010din izrade kruha te metode rukovanja s tijestom. Prvi savjet koji je i najbitniji u cijelom procesu je: u\u017eivajte! Opustite se, dajte si vremena i rezultat ne\u0107e izostati<\/p>\n","protected":false},"featured_media":4506,"template":"","tags":[42],"atribut":[],"class_list":["post-4505","nada","type-nada","status-publish","has-post-thumbnail","hentry","tag-gorski-kotao"],"acf":[],"yoast_head":"<!-- This site is optimized with the Yoast SEO plugin v27.4 - https:\/\/yoast.com\/product\/yoast-seo-wordpress\/ -->\n<title>Kruh s doma\u0107im kvascem - SDF - Srpski demokratski forum<\/title>\n<meta name=\"robots\" content=\"index, follow, max-snippet:-1, max-image-preview:large, max-video-preview:-1\" \/>\n<link rel=\"canonical\" href=\"https:\/\/sdf.hr\/?post_type=nada&p=4508\" \/>\n<meta property=\"og:locale\" content=\"hr_HR\" \/>\n<meta property=\"og:type\" content=\"article\" \/>\n<meta property=\"og:title\" content=\"Kruh s doma\u0107im kvascem - SDF - Srpski demokratski forum\" \/>\n<meta property=\"og:description\" content=\"U ovom broju Nade objasnit \u0107u na\u010din izrade kruha te metode rukovanja s tijestom. Prvi savjet koji je i najbitniji u cijelom procesu je: u\u017eivajte! Opustite se, dajte si vremena i rezultat ne\u0107e izostati\" \/>\n<meta property=\"og:url\" content=\"https:\/\/sdf.hr\/?post_type=nada&amp;p=4508\" \/>\n<meta property=\"og:site_name\" content=\"SDF - Srpski demokratski forum\" \/>\n<meta property=\"og:image\" content=\"https:\/\/sdf.hr\/wp-content\/uploads\/2024\/03\/Kruh-scaled.jpeg\" \/>\n\t<meta property=\"og:image:width\" content=\"2560\" \/>\n\t<meta property=\"og:image:height\" content=\"1920\" \/>\n\t<meta property=\"og:image:type\" content=\"image\/jpeg\" \/>\n<meta name=\"twitter:card\" content=\"summary_large_image\" \/>\n<meta name=\"twitter:label1\" content=\"Procijenjeno vrijeme \u010ditanja\" \/>\n\t<meta name=\"twitter:data1\" content=\"3 minute\" \/>\n<script type=\"application\/ld+json\" class=\"yoast-schema-graph\">{\"@context\":\"https:\\\/\\\/schema.org\",\"@graph\":[{\"@type\":\"WebPage\",\"@id\":\"https:\\\/\\\/sdf.hr\\\/?post_type=nada&p=4508\",\"url\":\"https:\\\/\\\/sdf.hr\\\/?post_type=nada&p=4508\",\"name\":\"Kruh s doma\u0107im kvascem - SDF - Srpski demokratski forum\",\"isPartOf\":{\"@id\":\"https:\\\/\\\/sdf.hr\\\/#website\"},\"primaryImageOfPage\":{\"@id\":\"https:\\\/\\\/sdf.hr\\\/?post_type=nada&p=4508#primaryimage\"},\"image\":{\"@id\":\"https:\\\/\\\/sdf.hr\\\/?post_type=nada&p=4508#primaryimage\"},\"thumbnailUrl\":\"https:\\\/\\\/sdf.hr\\\/wp-content\\\/uploads\\\/2024\\\/03\\\/Kruh-scaled.jpeg\",\"datePublished\":\"2024-03-17T07:43:27+00:00\",\"breadcrumb\":{\"@id\":\"https:\\\/\\\/sdf.hr\\\/?post_type=nada&p=4508#breadcrumb\"},\"inLanguage\":\"hr\",\"potentialAction\":[{\"@type\":\"ReadAction\",\"target\":[\"https:\\\/\\\/sdf.hr\\\/?post_type=nada&p=4508\"]}]},{\"@type\":\"ImageObject\",\"inLanguage\":\"hr\",\"@id\":\"https:\\\/\\\/sdf.hr\\\/?post_type=nada&p=4508#primaryimage\",\"url\":\"https:\\\/\\\/sdf.hr\\\/wp-content\\\/uploads\\\/2024\\\/03\\\/Kruh-scaled.jpeg\",\"contentUrl\":\"https:\\\/\\\/sdf.hr\\\/wp-content\\\/uploads\\\/2024\\\/03\\\/Kruh-scaled.jpeg\",\"width\":2560,\"height\":1920},{\"@type\":\"BreadcrumbList\",\"@id\":\"https:\\\/\\\/sdf.hr\\\/?post_type=nada&p=4508#breadcrumb\",\"itemListElement\":[{\"@type\":\"ListItem\",\"position\":1,\"name\":\"Po\u010detna stranica\",\"item\":\"https:\\\/\\\/sdf.hr\\\/hr\\\/\"},{\"@type\":\"ListItem\",\"position\":2,\"name\":\"Nada\",\"item\":\"https:\\\/\\\/sdf.hr\\\/nada\\\/\"},{\"@type\":\"ListItem\",\"position\":3,\"name\":\"Kruh s doma\u0107im kvascem\"}]},{\"@type\":\"WebSite\",\"@id\":\"https:\\\/\\\/sdf.hr\\\/#website\",\"url\":\"https:\\\/\\\/sdf.hr\\\/\",\"name\":\"SDF - Srpski demokratski forum\",\"description\":\"Srpski demokratski forum\",\"publisher\":{\"@id\":\"https:\\\/\\\/sdf.hr\\\/#organization\"},\"potentialAction\":[{\"@type\":\"SearchAction\",\"target\":{\"@type\":\"EntryPoint\",\"urlTemplate\":\"https:\\\/\\\/sdf.hr\\\/?s={search_term_string}\"},\"query-input\":{\"@type\":\"PropertyValueSpecification\",\"valueRequired\":true,\"valueName\":\"search_term_string\"}}],\"inLanguage\":\"hr\"},{\"@type\":\"Organization\",\"@id\":\"https:\\\/\\\/sdf.hr\\\/#organization\",\"name\":\"SDF - Srpski demokratski forum\",\"url\":\"https:\\\/\\\/sdf.hr\\\/\",\"logo\":{\"@type\":\"ImageObject\",\"inLanguage\":\"hr\",\"@id\":\"https:\\\/\\\/sdf.hr\\\/#\\\/schema\\\/logo\\\/image\\\/\",\"url\":\"https:\\\/\\\/sdf.hr\\\/wp-content\\\/uploads\\\/2021\\\/07\\\/logo-hr.svg\",\"contentUrl\":\"https:\\\/\\\/sdf.hr\\\/wp-content\\\/uploads\\\/2021\\\/07\\\/logo-hr.svg\",\"width\":271,\"height\":100,\"caption\":\"SDF - Srpski demokratski forum\"},\"image\":{\"@id\":\"https:\\\/\\\/sdf.hr\\\/#\\\/schema\\\/logo\\\/image\\\/\"}}]}<\/script>\n<!-- \/ Yoast SEO plugin. -->","yoast_head_json":{"title":"Kruh s doma\u0107im kvascem - SDF - Srpski demokratski forum","robots":{"index":"index","follow":"follow","max-snippet":"max-snippet:-1","max-image-preview":"max-image-preview:large","max-video-preview":"max-video-preview:-1"},"canonical":"https:\/\/sdf.hr\/?post_type=nada&p=4508","og_locale":"hr_HR","og_type":"article","og_title":"Kruh s doma\u0107im kvascem - SDF - Srpski demokratski forum","og_description":"U ovom broju Nade objasnit \u0107u na\u010din izrade kruha te metode rukovanja s tijestom. Prvi savjet koji je i najbitniji u cijelom procesu je: u\u017eivajte! Opustite se, dajte si vremena i rezultat ne\u0107e izostati","og_url":"https:\/\/sdf.hr\/?post_type=nada&p=4508","og_site_name":"SDF - Srpski demokratski forum","og_image":[{"width":2560,"height":1920,"url":"https:\/\/sdf.hr\/wp-content\/uploads\/2024\/03\/Kruh-scaled.jpeg","type":"image\/jpeg"}],"twitter_card":"summary_large_image","twitter_misc":{"Procijenjeno vrijeme \u010ditanja":"3 minute"},"schema":{"@context":"https:\/\/schema.org","@graph":[{"@type":"WebPage","@id":"https:\/\/sdf.hr\/?post_type=nada&p=4508","url":"https:\/\/sdf.hr\/?post_type=nada&p=4508","name":"Kruh s doma\u0107im kvascem - SDF - Srpski demokratski forum","isPartOf":{"@id":"https:\/\/sdf.hr\/#website"},"primaryImageOfPage":{"@id":"https:\/\/sdf.hr\/?post_type=nada&p=4508#primaryimage"},"image":{"@id":"https:\/\/sdf.hr\/?post_type=nada&p=4508#primaryimage"},"thumbnailUrl":"https:\/\/sdf.hr\/wp-content\/uploads\/2024\/03\/Kruh-scaled.jpeg","datePublished":"2024-03-17T07:43:27+00:00","breadcrumb":{"@id":"https:\/\/sdf.hr\/?post_type=nada&p=4508#breadcrumb"},"inLanguage":"hr","potentialAction":[{"@type":"ReadAction","target":["https:\/\/sdf.hr\/?post_type=nada&p=4508"]}]},{"@type":"ImageObject","inLanguage":"hr","@id":"https:\/\/sdf.hr\/?post_type=nada&p=4508#primaryimage","url":"https:\/\/sdf.hr\/wp-content\/uploads\/2024\/03\/Kruh-scaled.jpeg","contentUrl":"https:\/\/sdf.hr\/wp-content\/uploads\/2024\/03\/Kruh-scaled.jpeg","width":2560,"height":1920},{"@type":"BreadcrumbList","@id":"https:\/\/sdf.hr\/?post_type=nada&p=4508#breadcrumb","itemListElement":[{"@type":"ListItem","position":1,"name":"Po\u010detna stranica","item":"https:\/\/sdf.hr\/hr\/"},{"@type":"ListItem","position":2,"name":"Nada","item":"https:\/\/sdf.hr\/nada\/"},{"@type":"ListItem","position":3,"name":"Kruh s doma\u0107im kvascem"}]},{"@type":"WebSite","@id":"https:\/\/sdf.hr\/#website","url":"https:\/\/sdf.hr\/","name":"SDF - Srpski demokratski forum","description":"Srpski demokratski forum","publisher":{"@id":"https:\/\/sdf.hr\/#organization"},"potentialAction":[{"@type":"SearchAction","target":{"@type":"EntryPoint","urlTemplate":"https:\/\/sdf.hr\/?s={search_term_string}"},"query-input":{"@type":"PropertyValueSpecification","valueRequired":true,"valueName":"search_term_string"}}],"inLanguage":"hr"},{"@type":"Organization","@id":"https:\/\/sdf.hr\/#organization","name":"SDF - Srpski demokratski forum","url":"https:\/\/sdf.hr\/","logo":{"@type":"ImageObject","inLanguage":"hr","@id":"https:\/\/sdf.hr\/#\/schema\/logo\/image\/","url":"https:\/\/sdf.hr\/wp-content\/uploads\/2021\/07\/logo-hr.svg","contentUrl":"https:\/\/sdf.hr\/wp-content\/uploads\/2021\/07\/logo-hr.svg","width":271,"height":100,"caption":"SDF - Srpski demokratski forum"},"image":{"@id":"https:\/\/sdf.hr\/#\/schema\/logo\/image\/"}}]}},"_links":{"self":[{"href":"https:\/\/sdf.hr\/hr\/wp-json\/wp\/v2\/nada\/4505","targetHints":{"allow":["GET"]}}],"collection":[{"href":"https:\/\/sdf.hr\/hr\/wp-json\/wp\/v2\/nada"}],"about":[{"href":"https:\/\/sdf.hr\/hr\/wp-json\/wp\/v2\/types\/nada"}],"wp:featuredmedia":[{"embeddable":true,"href":"https:\/\/sdf.hr\/hr\/wp-json\/wp\/v2\/media\/4506"}],"wp:attachment":[{"href":"https:\/\/sdf.hr\/hr\/wp-json\/wp\/v2\/media?parent=4505"}],"wp:term":[{"taxonomy":"post_tag","embeddable":true,"href":"https:\/\/sdf.hr\/hr\/wp-json\/wp\/v2\/tags?post=4505"},{"taxonomy":"atribut","embeddable":true,"href":"https:\/\/sdf.hr\/hr\/wp-json\/wp\/v2\/atribut?post=4505"}],"curies":[{"name":"wp","href":"https:\/\/api.w.org\/{rel}","templated":true}]}}

Kruh s domaćim kvascem

<p>U ovom broju Nade objasnit ću način izrade kruha te metode rukovanja s tijestom. Prvi savjet koji je i najbitniji u cijelom procesu je: uživajte! Opustite se, dajte si vremena i rezultat neće izostati. Čak i najneuspješniji kruh s domaćim kvascem nije se bacio jer uvijek možete napraviti krutone, krušne mrvice, popeći ga na tavi ili iskoristiti za neko drugo jelo. Osim nekoliko sastojaka, vode, brašna, soli i domaćeg kvasca, za ovaj kruh su vam potrebni samo vrijeme i strpljenje te malo vještine.</p>
<p>&nbsp;</p>
<p><strong><em>Sastojci:</em></strong></p>
<p>400 g brašna (možete kombinirati 100 g pšenično bijelo iz mlina, 200 g brašna za dizana tijesta, 100 g manitoba ili po vlastitom ukusu)</p>
<p>295 g vode (ako ste početnik, stavite 280)</p>
<p>80 g čvrstog kvasca</p>
<p>9 g soli</p>
<p>1 žličica meda</p>
<p>&nbsp;</p>
<p><strong><em>Priprema:</em></strong></p>
<p>Najprije pomiješajte brašno i vodu da dobijete meko tijesto koje ne treba biti glatko i izrađeno. Pokrijte da se ne stvara korica i ostavite da stoji sat vremena. Ta faza, u kojoj se brašno otapa u vodi i oslobađa hranu za kvasce, naziva se autoliza. Autoliza može trajati od 30 min pa čak do 12 sati, no ja uvijek ostavim nekih sat vremena. Nakon sat vremena dodajte čvrsti bijeli kvasac, umijesite ga da se potpuno ukomponira u tijesto i opet pokrijte pa ostavite da stoji nekih 20 min. Na kraju dodajte sol i med te mijesite nekih 10 min. Tijesto neka bude kompaktno i sol se mora posve otopiti.</p>
<p>Pokrijte i ostavite 30 min do sat vremena. Napravite prvo rastezanje tako da namočite ruku vodom pa uhvatite rub tijesta (podvucite prste ispod) i povučete ga u vis (rastegnite koliko ide), a zatim ga preklopite. Zarotirajte zdjelu i ponavljajte isto dok tijesto ne počne pružati otpor. Isti postupak se ponavlja još dva puta svakih 30 do 40 min.</p>
<p>Nakon rastezanja radite preklapanje tako da s obje namočene ruke odignete tijesto od posude (podvucite prste pod tijesto i odignite ga da se odlijepi od posude) i lagano ga spustite i tako tri do četiri puta u razmaku od nekih 30 min. Pokrijte tijesto i ostavite da raste.</p>
<p>Dizanje tijesta počinje od trenutka stavljanja startera i ovisno o temperaturi prostorije, može trajati od par pa do deset sati. Nekakav okvirni omjer je oko četiri do šest sati na 24 stupnja. Što je temperatura niža, trebat će više vremena.</p>
<p>Kada vidite da je spremno, dignuto nekih 50 do 70 posto i ima puno mjehurića, oblikujte tijesto u štrucu. To radite na podlozi posutoj s malo brašna. Preklopite lijevu i desnu stranu, preklopite gornji dio poput pisma, zarolajte sve skupa i spojite krajeve da zrak ostane u štruci. Par puta dlanovima zarotirate o podlogu da se stvori površinska tenzija i pospite površinu tijesta s malo brašna. Zatim ga spremite u košaricu za dizanje (stavim platnenu krpu koju pobrašnim), umotajte u vrećicu ili kapu za tuširanje i spremite na noćenje u hladnjak da fermentira. Hladna fermentacija može trajati od samo par sati pa do 24 ili 48 sati. Kod mene je to od osam pa do 36 sati.</p>
<p>Prije samog pečenja, potrebno je zagrijati pećnicu i posudu za pečenje. Koristim željeznu posudu s poklopcem pa sve stavim u pećnicu i zagrijem na 250 stupnjeva otprilike 45 min. Kruh iz hladnjaka prevrnite na papir za pečenje, zarežite žiletom i stavite peći (poklopljen). U prvih 20 min mu je potrebna vodena para koju možete stvoriti ako stavite kockicu ili dvije leda pod kruh. Nakon 25 min skinite poklopac i pecite kruh 15 do 20 min do željene boje korice. Pokušajte dočekati da se ohladi i uživajte u posebnom okusu.</p>
<p>Dobar tek!</p>
<p><em>piše Valentina Vukadinović</em></p>

<p>U ovom broju Nade objasnit ću način izrade kruha te metode rukovanja s tijestom. Prvi savjet koji je i najbitniji u cijelom procesu je: uživajte! Opustite se, dajte si vremena i rezultat neće izostati</p>

<!-- This site is optimized with the Yoast SEO plugin v27.4 - https://yoast.com/product/yoast-seo-wordpress/ -->
<title>Kruh s domaćim kvascem - SDF - Srpski demokratski forum</title>
<meta name="robots" content="index, follow, max-snippet:-1, max-image-preview:large, max-video-preview:-1" />
<link rel="canonical" href="https://sdf.hr/?post_type=nada&p=4508" />
<meta property="og:locale" content="hr_HR" />
<meta property="og:type" content="article" />
<meta property="og:title" content="Kruh s domaćim kvascem - SDF - Srpski demokratski forum" />
<meta property="og:description" content="U ovom broju Nade objasnit ću način izrade kruha te metode rukovanja s tijestom. Prvi savjet koji je i najbitniji u cijelom procesu je: uživajte! Opustite se, dajte si vremena i rezultat neće izostati" />
<meta property="og:url" content="https://sdf.hr/?post_type=nada&amp;p=4508" />
<meta property="og:site_name" content="SDF - Srpski demokratski forum" />
<meta property="og:image" content="https://sdf.hr/wp-content/uploads/2024/03/Kruh-scaled.jpeg" />
	<meta property="og:image:width" content="2560" />
	<meta property="og:image:height" content="1920" />
	<meta property="og:image:type" content="image/jpeg" />
<meta name="twitter:card" content="summary_large_image" />
<meta name="twitter:label1" content="Procijenjeno vrijeme čitanja" />
	<meta name="twitter:data1" content="3 minute" />
<script type="application/ld+json" class="yoast-schema-graph">{"@context":"https:\/\/schema.org","@graph":[{"@type":"WebPage","@id":"https:\/\/sdf.hr\/?post_type=nada&p=4508","url":"https:\/\/sdf.hr\/?post_type=nada&p=4508","name":"Kruh s domaćim kvascem - SDF - Srpski demokratski forum","isPartOf":{"@id":"https:\/\/sdf.hr\/#website"},"primaryImageOfPage":{"@id":"https:\/\/sdf.hr\/?post_type=nada&p=4508#primaryimage"},"image":{"@id":"https:\/\/sdf.hr\/?post_type=nada&p=4508#primaryimage"},"thumbnailUrl":"https:\/\/sdf.hr\/wp-content\/uploads\/2024\/03\/Kruh-scaled.jpeg","datePublished":"2024-03-17T07:43:27+00:00","breadcrumb":{"@id":"https:\/\/sdf.hr\/?post_type=nada&p=4508#breadcrumb"},"inLanguage":"hr","potentialAction":[{"@type":"ReadAction","target":["https:\/\/sdf.hr\/?post_type=nada&p=4508"]}]},{"@type":"ImageObject","inLanguage":"hr","@id":"https:\/\/sdf.hr\/?post_type=nada&p=4508#primaryimage","url":"https:\/\/sdf.hr\/wp-content\/uploads\/2024\/03\/Kruh-scaled.jpeg","contentUrl":"https:\/\/sdf.hr\/wp-content\/uploads\/2024\/03\/Kruh-scaled.jpeg","width":2560,"height":1920},{"@type":"BreadcrumbList","@id":"https:\/\/sdf.hr\/?post_type=nada&p=4508#breadcrumb","itemListElement":[{"@type":"ListItem","position":1,"name":"Početna stranica","item":"https:\/\/sdf.hr\/hr\/"},{"@type":"ListItem","position":2,"name":"Nada","item":"https:\/\/sdf.hr\/nada\/"},{"@type":"ListItem","position":3,"name":"Kruh s domaćim kvascem"}]},{"@type":"WebSite","@id":"https:\/\/sdf.hr\/#website","url":"https:\/\/sdf.hr\/","name":"SDF - Srpski demokratski forum","description":"Srpski demokratski forum","publisher":{"@id":"https:\/\/sdf.hr\/#organization"},"potentialAction":[{"@type":"SearchAction","target":{"@type":"EntryPoint","urlTemplate":"https:\/\/sdf.hr\/?s={search_term_string}"},"query-input":{"@type":"PropertyValueSpecification","valueRequired":true,"valueName":"search_term_string"}}],"inLanguage":"hr"},{"@type":"Organization","@id":"https:\/\/sdf.hr\/#organization","name":"SDF - Srpski demokratski forum","url":"https:\/\/sdf.hr\/","logo":{"@type":"ImageObject","inLanguage":"hr","@id":"https:\/\/sdf.hr\/#\/schema\/logo\/image\/","url":"https:\/\/sdf.hr\/wp-content\/uploads\/2021\/07\/logo-hr.svg","contentUrl":"https:\/\/sdf.hr\/wp-content\/uploads\/2021\/07\/logo-hr.svg","width":271,"height":100,"caption":"SDF - Srpski demokratski forum"},"image":{"@id":"https:\/\/sdf.hr\/#\/schema\/logo\/image\/"}}]}</script>
<!-- / Yoast SEO plugin. -->

Kruh s domaćim kvascem - SDF - Srpski demokratski forum

U ovom broju Nade objasnit ću način izrade kruha te metode rukovanja s tijestom. Prvi savjet koji je i najbitniji u cijelom procesu je: uživajte! Opustite se, dajte si vremena i rezultat neće izostati

Početna stranica
