{"id":5360,"date":"2024-09-01T08:00:12","date_gmt":"2024-09-01T06:00:12","guid":{"rendered":"https:\/\/sdf.hr\/nada\/krekeri-s-makom\/"},"modified":"2024-09-01T08:14:26","modified_gmt":"2024-09-01T06:14:26","slug":"krekeri-s-makom","status":"publish","type":"nada","link":"https:\/\/sdf.hr\/hr\/nada\/krekeri-s-makom\/","title":{"rendered":"Krekeri s makom"},"content":{"rendered":"<p>Izbjegavam kupovati grickalice jer znam da im ne mogu odoljeti, a stvarno ne poznajem nikoga tko mo\u017ee odoljeti \u010dipsu, slanim \u0161tapi\u0107ima, krekerima i sli\u010dnim hrskavim zalogajima. No i grickalice mogu biti doma\u0107e i malo zdravije ako ih pripremimo u svojoj kuhinji. Ove krekere pripremite za svoj gu\u0161t, za neki izlet, grickanje uz film ili za piknik. Izvrsno se sla\u017eu sa sirom u svim oblicima ili nekim pikantnim namazima i umacima. Od iste smjese mo\u017eete pripremiti razne oblike pa sam ja, osim krekera, pripremila i \u0161tapi\u0107e koji su hrskaviji i izgledom zanimljiviji.<\/p>\n<p>Kao ljubiteljici maka, ovi krekeri su mi odmah postali omiljeni, no ako ne volite mak, mo\u017eete staviti ne\u0161to drugo (mljevene bu\u010dine sjemenke, sezam, lan&#8230;). Koristila sam integralno mije\u0161ano bra\u0161no od vi\u0161e vrsta \u017eitarica kupljeno u mlinu pa su krekeri ba\u0161 onako rustikalni kako volim.<\/p>\n<p>&nbsp;<\/p>\n<p><strong>Sastojci:<\/strong><\/p>\n<p>150 g glatkog bra\u0161na<\/p>\n<p>150 g integralnog bra\u0161na<\/p>\n<p>100 g masti (ili 120 g maslaca)<\/p>\n<p>150 g svje\u017eeg sira<\/p>\n<p>2 \u017eumanjka<\/p>\n<p>3 \u017elice mljevenog maka<\/p>\n<p>1 \u017eli\u010dica pra\u0161ka za pecivo<\/p>\n<p>1 \u017eli\u010dica soli<\/p>\n<p>2-3 \u017elice hladnog mlijeka<\/p>\n<p>bjelanjci (za premazivanje)<\/p>\n<p>sjemenke sezama, lana, bundeve i sli\u010dno<\/p>\n<p>&nbsp;<\/p>\n<p><strong>Priprema:<\/strong><\/p>\n<p>Pomije\u0161ajte obje vrste bra\u0161na, pra\u0161ak za pecivo, mak i sol. U tu smjesu dodajte mast (ili naribajte hladni maslac). Natrljajte rukama da dobijete mrvljenu smjesu nalik pijesku. Dodajte sir, \u017eumanjke i par \u017elica hladnog mlijeka pa zamijesite tijesto. Nemojte mijesiti predugo da ne rastopite masno\u0107u. Oblikujte kuglu koju malo spljo\u0161tite pa zamotajte u prozirnu foliju i ostavite u hladnjaku barem pola sata.<\/p>\n<p>Podlogu pobra\u0161nite pa valjkom rastanjite tijesto da bude debljine no\u017ea. Pe\u0107nicu zagrijte na 180 stupnjeva. \u010ca\u0161icom ili modlicom umo\u010denom u bra\u0161no izre\u017eite krekere i sla\u017eite ih u lim oblo\u017een papirom za pe\u010denje. Malo ih razdvojite jer \u0107e narasti. Prema\u017eite ih razmu\u0107enim bjelanjcima i pospite sjemenkama po \u017eelji (stavila sam sezam i mak). Mo\u017eete ih malo izbosti vilicom da se ne napuhnu previ\u0161e. Krekere pecite 25 do 30 minuta na 180 stupnjeva dok ne dobiju zlatnu boju.<\/p>\n<p>Za \u0161tapi\u0107e sam komad tijesta stanjila valjkom, premazala bjelanjkom pa posula s jedne strane makom, okrenula ga i s druge strane opet premazala bjelanjkom pa posula sezamom. Tijesto sam jo\u0161 malo stanjila da se sjemenke zalijepe za njega. Rezala sam uske, duga\u010dke trake te ih uvrnula da dobijem spiralu. \u0160tapi\u0107e pecite ne\u0161to kra\u0107e jer su tanji i bit \u0107e hrskaviji. Probajte pri\u010dekati da se ohlade pa poslu\u017eite uz razli\u010dite namaze ili umake, a odli\u010dno idu uz pivo.<\/p>\n<p>Dobar tek!<\/p>\n<p><em>pi\u0161e Valentina Vukadinovi\u0107<\/em><\/p>\n","protected":false},"excerpt":{"rendered":"<p>Grickalice mogu biti zdravije ako ih pripremimo u svojoj kuhinji. Ove krekere napravite za svoj gu\u0161t jer se izvrsno sla\u017eu sa sirom u svim oblicima ili pikantnim namazima i umacima<\/p>\n","protected":false},"featured_media":5359,"template":"","tags":[42],"atribut":[],"class_list":["post-5360","nada","type-nada","status-publish","has-post-thumbnail","hentry","tag-gorski-kotao"],"acf":[],"yoast_head":"<!-- This site is optimized with the Yoast SEO plugin v27.4 - https:\/\/yoast.com\/product\/yoast-seo-wordpress\/ -->\n<title>Krekeri s makom - SDF - Srpski demokratski forum<\/title>\n<meta name=\"robots\" content=\"index, follow, max-snippet:-1, max-image-preview:large, max-video-preview:-1\" \/>\n<link rel=\"canonical\" href=\"https:\/\/sdf.hr\/hr\/nada\/krekeri-s-makom\/\" \/>\n<meta property=\"og:locale\" content=\"hr_HR\" \/>\n<meta property=\"og:type\" content=\"article\" \/>\n<meta property=\"og:title\" content=\"Krekeri s makom - SDF - Srpski demokratski forum\" \/>\n<meta property=\"og:description\" content=\"Grickalice mogu biti zdravije ako ih pripremimo u svojoj kuhinji. Ove krekere napravite za svoj gu\u0161t jer se izvrsno sla\u017eu sa sirom u svim oblicima ili pikantnim namazima i umacima\" \/>\n<meta property=\"og:url\" content=\"https:\/\/sdf.hr\/hr\/nada\/krekeri-s-makom\/\" \/>\n<meta property=\"og:site_name\" content=\"SDF - Srpski demokratski forum\" \/>\n<meta property=\"article:modified_time\" content=\"2024-09-01T06:14:26+00:00\" \/>\n<meta property=\"og:image\" content=\"https:\/\/sdf.hr\/wp-content\/uploads\/2024\/08\/Krekeri-scaled.jpg\" \/>\n\t<meta property=\"og:image:width\" content=\"2560\" \/>\n\t<meta property=\"og:image:height\" content=\"1443\" \/>\n\t<meta property=\"og:image:type\" content=\"image\/jpeg\" \/>\n<meta name=\"twitter:card\" content=\"summary_large_image\" \/>\n<meta name=\"twitter:label1\" content=\"Procijenjeno vrijeme \u010ditanja\" \/>\n\t<meta name=\"twitter:data1\" content=\"2 minute\" \/>\n<script type=\"application\/ld+json\" class=\"yoast-schema-graph\">{\"@context\":\"https:\\\/\\\/schema.org\",\"@graph\":[{\"@type\":\"WebPage\",\"@id\":\"https:\\\/\\\/sdf.hr\\\/hr\\\/nada\\\/krekeri-s-makom\\\/\",\"url\":\"https:\\\/\\\/sdf.hr\\\/hr\\\/nada\\\/krekeri-s-makom\\\/\",\"name\":\"Krekeri s makom - SDF - Srpski demokratski forum\",\"isPartOf\":{\"@id\":\"https:\\\/\\\/sdf.hr\\\/#website\"},\"primaryImageOfPage\":{\"@id\":\"https:\\\/\\\/sdf.hr\\\/hr\\\/nada\\\/krekeri-s-makom\\\/#primaryimage\"},\"image\":{\"@id\":\"https:\\\/\\\/sdf.hr\\\/hr\\\/nada\\\/krekeri-s-makom\\\/#primaryimage\"},\"thumbnailUrl\":\"https:\\\/\\\/sdf.hr\\\/wp-content\\\/uploads\\\/2024\\\/08\\\/Krekeri-scaled.jpg\",\"datePublished\":\"2024-09-01T06:00:12+00:00\",\"dateModified\":\"2024-09-01T06:14:26+00:00\",\"breadcrumb\":{\"@id\":\"https:\\\/\\\/sdf.hr\\\/hr\\\/nada\\\/krekeri-s-makom\\\/#breadcrumb\"},\"inLanguage\":\"hr\",\"potentialAction\":[{\"@type\":\"ReadAction\",\"target\":[\"https:\\\/\\\/sdf.hr\\\/hr\\\/nada\\\/krekeri-s-makom\\\/\"]}]},{\"@type\":\"ImageObject\",\"inLanguage\":\"hr\",\"@id\":\"https:\\\/\\\/sdf.hr\\\/hr\\\/nada\\\/krekeri-s-makom\\\/#primaryimage\",\"url\":\"https:\\\/\\\/sdf.hr\\\/wp-content\\\/uploads\\\/2024\\\/08\\\/Krekeri-scaled.jpg\",\"contentUrl\":\"https:\\\/\\\/sdf.hr\\\/wp-content\\\/uploads\\\/2024\\\/08\\\/Krekeri-scaled.jpg\",\"width\":2560,\"height\":1443},{\"@type\":\"BreadcrumbList\",\"@id\":\"https:\\\/\\\/sdf.hr\\\/hr\\\/nada\\\/krekeri-s-makom\\\/#breadcrumb\",\"itemListElement\":[{\"@type\":\"ListItem\",\"position\":1,\"name\":\"Po\u010detna stranica\",\"item\":\"https:\\\/\\\/sdf.hr\\\/hr\\\/\"},{\"@type\":\"ListItem\",\"position\":2,\"name\":\"Nada\",\"item\":\"https:\\\/\\\/sdf.hr\\\/nada\\\/\"},{\"@type\":\"ListItem\",\"position\":3,\"name\":\"Krekeri s makom\"}]},{\"@type\":\"WebSite\",\"@id\":\"https:\\\/\\\/sdf.hr\\\/#website\",\"url\":\"https:\\\/\\\/sdf.hr\\\/\",\"name\":\"SDF - Srpski demokratski forum\",\"description\":\"Srpski demokratski forum\",\"publisher\":{\"@id\":\"https:\\\/\\\/sdf.hr\\\/#organization\"},\"potentialAction\":[{\"@type\":\"SearchAction\",\"target\":{\"@type\":\"EntryPoint\",\"urlTemplate\":\"https:\\\/\\\/sdf.hr\\\/?s={search_term_string}\"},\"query-input\":{\"@type\":\"PropertyValueSpecification\",\"valueRequired\":true,\"valueName\":\"search_term_string\"}}],\"inLanguage\":\"hr\"},{\"@type\":\"Organization\",\"@id\":\"https:\\\/\\\/sdf.hr\\\/#organization\",\"name\":\"SDF - Srpski demokratski forum\",\"url\":\"https:\\\/\\\/sdf.hr\\\/\",\"logo\":{\"@type\":\"ImageObject\",\"inLanguage\":\"hr\",\"@id\":\"https:\\\/\\\/sdf.hr\\\/#\\\/schema\\\/logo\\\/image\\\/\",\"url\":\"https:\\\/\\\/sdf.hr\\\/wp-content\\\/uploads\\\/2021\\\/07\\\/logo-hr.svg\",\"contentUrl\":\"https:\\\/\\\/sdf.hr\\\/wp-content\\\/uploads\\\/2021\\\/07\\\/logo-hr.svg\",\"width\":271,\"height\":100,\"caption\":\"SDF - Srpski demokratski forum\"},\"image\":{\"@id\":\"https:\\\/\\\/sdf.hr\\\/#\\\/schema\\\/logo\\\/image\\\/\"}}]}<\/script>\n<!-- \/ Yoast SEO plugin. -->","yoast_head_json":{"title":"Krekeri s makom - SDF - Srpski demokratski forum","robots":{"index":"index","follow":"follow","max-snippet":"max-snippet:-1","max-image-preview":"max-image-preview:large","max-video-preview":"max-video-preview:-1"},"canonical":"https:\/\/sdf.hr\/hr\/nada\/krekeri-s-makom\/","og_locale":"hr_HR","og_type":"article","og_title":"Krekeri s makom - SDF - Srpski demokratski forum","og_description":"Grickalice mogu biti zdravije ako ih pripremimo u svojoj kuhinji. Ove krekere napravite za svoj gu\u0161t jer se izvrsno sla\u017eu sa sirom u svim oblicima ili pikantnim namazima i umacima","og_url":"https:\/\/sdf.hr\/hr\/nada\/krekeri-s-makom\/","og_site_name":"SDF - Srpski demokratski forum","article_modified_time":"2024-09-01T06:14:26+00:00","og_image":[{"width":2560,"height":1443,"url":"https:\/\/sdf.hr\/wp-content\/uploads\/2024\/08\/Krekeri-scaled.jpg","type":"image\/jpeg"}],"twitter_card":"summary_large_image","twitter_misc":{"Procijenjeno vrijeme \u010ditanja":"2 minute"},"schema":{"@context":"https:\/\/schema.org","@graph":[{"@type":"WebPage","@id":"https:\/\/sdf.hr\/hr\/nada\/krekeri-s-makom\/","url":"https:\/\/sdf.hr\/hr\/nada\/krekeri-s-makom\/","name":"Krekeri s makom - SDF - Srpski demokratski forum","isPartOf":{"@id":"https:\/\/sdf.hr\/#website"},"primaryImageOfPage":{"@id":"https:\/\/sdf.hr\/hr\/nada\/krekeri-s-makom\/#primaryimage"},"image":{"@id":"https:\/\/sdf.hr\/hr\/nada\/krekeri-s-makom\/#primaryimage"},"thumbnailUrl":"https:\/\/sdf.hr\/wp-content\/uploads\/2024\/08\/Krekeri-scaled.jpg","datePublished":"2024-09-01T06:00:12+00:00","dateModified":"2024-09-01T06:14:26+00:00","breadcrumb":{"@id":"https:\/\/sdf.hr\/hr\/nada\/krekeri-s-makom\/#breadcrumb"},"inLanguage":"hr","potentialAction":[{"@type":"ReadAction","target":["https:\/\/sdf.hr\/hr\/nada\/krekeri-s-makom\/"]}]},{"@type":"ImageObject","inLanguage":"hr","@id":"https:\/\/sdf.hr\/hr\/nada\/krekeri-s-makom\/#primaryimage","url":"https:\/\/sdf.hr\/wp-content\/uploads\/2024\/08\/Krekeri-scaled.jpg","contentUrl":"https:\/\/sdf.hr\/wp-content\/uploads\/2024\/08\/Krekeri-scaled.jpg","width":2560,"height":1443},{"@type":"BreadcrumbList","@id":"https:\/\/sdf.hr\/hr\/nada\/krekeri-s-makom\/#breadcrumb","itemListElement":[{"@type":"ListItem","position":1,"name":"Po\u010detna stranica","item":"https:\/\/sdf.hr\/hr\/"},{"@type":"ListItem","position":2,"name":"Nada","item":"https:\/\/sdf.hr\/nada\/"},{"@type":"ListItem","position":3,"name":"Krekeri s makom"}]},{"@type":"WebSite","@id":"https:\/\/sdf.hr\/#website","url":"https:\/\/sdf.hr\/","name":"SDF - Srpski demokratski forum","description":"Srpski demokratski forum","publisher":{"@id":"https:\/\/sdf.hr\/#organization"},"potentialAction":[{"@type":"SearchAction","target":{"@type":"EntryPoint","urlTemplate":"https:\/\/sdf.hr\/?s={search_term_string}"},"query-input":{"@type":"PropertyValueSpecification","valueRequired":true,"valueName":"search_term_string"}}],"inLanguage":"hr"},{"@type":"Organization","@id":"https:\/\/sdf.hr\/#organization","name":"SDF - Srpski demokratski forum","url":"https:\/\/sdf.hr\/","logo":{"@type":"ImageObject","inLanguage":"hr","@id":"https:\/\/sdf.hr\/#\/schema\/logo\/image\/","url":"https:\/\/sdf.hr\/wp-content\/uploads\/2021\/07\/logo-hr.svg","contentUrl":"https:\/\/sdf.hr\/wp-content\/uploads\/2021\/07\/logo-hr.svg","width":271,"height":100,"caption":"SDF - Srpski demokratski forum"},"image":{"@id":"https:\/\/sdf.hr\/#\/schema\/logo\/image\/"}}]}},"_links":{"self":[{"href":"https:\/\/sdf.hr\/hr\/wp-json\/wp\/v2\/nada\/5360","targetHints":{"allow":["GET"]}}],"collection":[{"href":"https:\/\/sdf.hr\/hr\/wp-json\/wp\/v2\/nada"}],"about":[{"href":"https:\/\/sdf.hr\/hr\/wp-json\/wp\/v2\/types\/nada"}],"wp:featuredmedia":[{"embeddable":true,"href":"https:\/\/sdf.hr\/hr\/wp-json\/wp\/v2\/media\/5359"}],"wp:attachment":[{"href":"https:\/\/sdf.hr\/hr\/wp-json\/wp\/v2\/media?parent=5360"}],"wp:term":[{"taxonomy":"post_tag","embeddable":true,"href":"https:\/\/sdf.hr\/hr\/wp-json\/wp\/v2\/tags?post=5360"},{"taxonomy":"atribut","embeddable":true,"href":"https:\/\/sdf.hr\/hr\/wp-json\/wp\/v2\/atribut?post=5360"}],"curies":[{"name":"wp","href":"https:\/\/api.w.org\/{rel}","templated":true}]}}

<p>Izbjegavam kupovati grickalice jer znam da im ne mogu odoljeti, a stvarno ne poznajem nikoga tko može odoljeti čipsu, slanim štapićima, krekerima i sličnim hrskavim zalogajima. No i grickalice mogu biti domaće i malo zdravije ako ih pripremimo u svojoj kuhinji. Ove krekere pripremite za svoj gušt, za neki izlet, grickanje uz film ili za piknik. Izvrsno se slažu sa sirom u svim oblicima ili nekim pikantnim namazima i umacima. Od iste smjese možete pripremiti razne oblike pa sam ja, osim krekera, pripremila i štapiće koji su hrskaviji i izgledom zanimljiviji.</p>
<p>Kao ljubiteljici maka, ovi krekeri su mi odmah postali omiljeni, no ako ne volite mak, možete staviti nešto drugo (mljevene bučine sjemenke, sezam, lan&#8230;). Koristila sam integralno miješano brašno od više vrsta žitarica kupljeno u mlinu pa su krekeri baš onako rustikalni kako volim.</p>
<p>&nbsp;</p>
<p><strong>Sastojci:</strong></p>
<p>150 g glatkog brašna</p>
<p>150 g integralnog brašna</p>
<p>100 g masti (ili 120 g maslaca)</p>
<p>150 g svježeg sira</p>
<p>2 žumanjka</p>
<p>3 žlice mljevenog maka</p>
<p>1 žličica praška za pecivo</p>
<p>1 žličica soli</p>
<p>2-3 žlice hladnog mlijeka</p>
<p>bjelanjci (za premazivanje)</p>
<p>sjemenke sezama, lana, bundeve i slično</p>
<p>&nbsp;</p>
<p><strong>Priprema:</strong></p>
<p>Pomiješajte obje vrste brašna, prašak za pecivo, mak i sol. U tu smjesu dodajte mast (ili naribajte hladni maslac). Natrljajte rukama da dobijete mrvljenu smjesu nalik pijesku. Dodajte sir, žumanjke i par žlica hladnog mlijeka pa zamijesite tijesto. Nemojte mijesiti predugo da ne rastopite masnoću. Oblikujte kuglu koju malo spljoštite pa zamotajte u prozirnu foliju i ostavite u hladnjaku barem pola sata.</p>
<p>Podlogu pobrašnite pa valjkom rastanjite tijesto da bude debljine noža. Pećnicu zagrijte na 180 stupnjeva. Čašicom ili modlicom umočenom u brašno izrežite krekere i slažite ih u lim obložen papirom za pečenje. Malo ih razdvojite jer će narasti. Premažite ih razmućenim bjelanjcima i pospite sjemenkama po želji (stavila sam sezam i mak). Možete ih malo izbosti vilicom da se ne napuhnu previše. Krekere pecite 25 do 30 minuta na 180 stupnjeva dok ne dobiju zlatnu boju.</p>
<p>Za štapiće sam komad tijesta stanjila valjkom, premazala bjelanjkom pa posula s jedne strane makom, okrenula ga i s druge strane opet premazala bjelanjkom pa posula sezamom. Tijesto sam još malo stanjila da se sjemenke zalijepe za njega. Rezala sam uske, dugačke trake te ih uvrnula da dobijem spiralu. Štapiće pecite nešto kraće jer su tanji i bit će hrskaviji. Probajte pričekati da se ohlade pa poslužite uz različite namaze ili umake, a odlično idu uz pivo.</p>
<p>Dobar tek!</p>
<p><em>piše Valentina Vukadinović</em></p>

<p>Grickalice mogu biti zdravije ako ih pripremimo u svojoj kuhinji. Ove krekere napravite za svoj gušt jer se izvrsno slažu sa sirom u svim oblicima ili pikantnim namazima i umacima</p>

<!-- This site is optimized with the Yoast SEO plugin v27.4 - https://yoast.com/product/yoast-seo-wordpress/ -->
<title>Krekeri s makom - SDF - Srpski demokratski forum</title>
<meta name="robots" content="index, follow, max-snippet:-1, max-image-preview:large, max-video-preview:-1" />
<link rel="canonical" href="https://sdf.hr/hr/nada/krekeri-s-makom/" />
<meta property="og:locale" content="hr_HR" />
<meta property="og:type" content="article" />
<meta property="og:title" content="Krekeri s makom - SDF - Srpski demokratski forum" />
<meta property="og:description" content="Grickalice mogu biti zdravije ako ih pripremimo u svojoj kuhinji. Ove krekere napravite za svoj gušt jer se izvrsno slažu sa sirom u svim oblicima ili pikantnim namazima i umacima" />
<meta property="og:url" content="https://sdf.hr/hr/nada/krekeri-s-makom/" />
<meta property="og:site_name" content="SDF - Srpski demokratski forum" />
<meta property="article:modified_time" content="2024-09-01T06:14:26+00:00" />
<meta property="og:image" content="https://sdf.hr/wp-content/uploads/2024/08/Krekeri-scaled.jpg" />
	<meta property="og:image:width" content="2560" />
	<meta property="og:image:height" content="1443" />
	<meta property="og:image:type" content="image/jpeg" />
<meta name="twitter:card" content="summary_large_image" />
<meta name="twitter:label1" content="Procijenjeno vrijeme čitanja" />
	<meta name="twitter:data1" content="2 minute" />
<script type="application/ld+json" class="yoast-schema-graph">{"@context":"https:\/\/schema.org","@graph":[{"@type":"WebPage","@id":"https:\/\/sdf.hr\/hr\/nada\/krekeri-s-makom\/","url":"https:\/\/sdf.hr\/hr\/nada\/krekeri-s-makom\/","name":"Krekeri s makom - SDF - Srpski demokratski forum","isPartOf":{"@id":"https:\/\/sdf.hr\/#website"},"primaryImageOfPage":{"@id":"https:\/\/sdf.hr\/hr\/nada\/krekeri-s-makom\/#primaryimage"},"image":{"@id":"https:\/\/sdf.hr\/hr\/nada\/krekeri-s-makom\/#primaryimage"},"thumbnailUrl":"https:\/\/sdf.hr\/wp-content\/uploads\/2024\/08\/Krekeri-scaled.jpg","datePublished":"2024-09-01T06:00:12+00:00","dateModified":"2024-09-01T06:14:26+00:00","breadcrumb":{"@id":"https:\/\/sdf.hr\/hr\/nada\/krekeri-s-makom\/#breadcrumb"},"inLanguage":"hr","potentialAction":[{"@type":"ReadAction","target":["https:\/\/sdf.hr\/hr\/nada\/krekeri-s-makom\/"]}]},{"@type":"ImageObject","inLanguage":"hr","@id":"https:\/\/sdf.hr\/hr\/nada\/krekeri-s-makom\/#primaryimage","url":"https:\/\/sdf.hr\/wp-content\/uploads\/2024\/08\/Krekeri-scaled.jpg","contentUrl":"https:\/\/sdf.hr\/wp-content\/uploads\/2024\/08\/Krekeri-scaled.jpg","width":2560,"height":1443},{"@type":"BreadcrumbList","@id":"https:\/\/sdf.hr\/hr\/nada\/krekeri-s-makom\/#breadcrumb","itemListElement":[{"@type":"ListItem","position":1,"name":"Početna stranica","item":"https:\/\/sdf.hr\/hr\/"},{"@type":"ListItem","position":2,"name":"Nada","item":"https:\/\/sdf.hr\/nada\/"},{"@type":"ListItem","position":3,"name":"Krekeri s makom"}]},{"@type":"WebSite","@id":"https:\/\/sdf.hr\/#website","url":"https:\/\/sdf.hr\/","name":"SDF - Srpski demokratski forum","description":"Srpski demokratski forum","publisher":{"@id":"https:\/\/sdf.hr\/#organization"},"potentialAction":[{"@type":"SearchAction","target":{"@type":"EntryPoint","urlTemplate":"https:\/\/sdf.hr\/?s={search_term_string}"},"query-input":{"@type":"PropertyValueSpecification","valueRequired":true,"valueName":"search_term_string"}}],"inLanguage":"hr"},{"@type":"Organization","@id":"https:\/\/sdf.hr\/#organization","name":"SDF - Srpski demokratski forum","url":"https:\/\/sdf.hr\/","logo":{"@type":"ImageObject","inLanguage":"hr","@id":"https:\/\/sdf.hr\/#\/schema\/logo\/image\/","url":"https:\/\/sdf.hr\/wp-content\/uploads\/2021\/07\/logo-hr.svg","contentUrl":"https:\/\/sdf.hr\/wp-content\/uploads\/2021\/07\/logo-hr.svg","width":271,"height":100,"caption":"SDF - Srpski demokratski forum"},"image":{"@id":"https:\/\/sdf.hr\/#\/schema\/logo\/image\/"}}]}</script>
<!-- / Yoast SEO plugin. -->

Grickalice mogu biti zdravije ako ih pripremimo u svojoj kuhinji. Ove krekere napravite za svoj gušt jer se izvrsno slažu sa sirom u svim oblicima ili pikantnim namazima i umacima

Početna stranica
