{"id":6040,"date":"2025-03-23T07:55:06","date_gmt":"2025-03-23T06:55:06","guid":{"rendered":"https:\/\/sdf.hr\/nada\/cuspajz\/"},"modified":"2025-03-23T08:04:58","modified_gmt":"2025-03-23T07:04:58","slug":"cuspajz","status":"publish","type":"nada","link":"https:\/\/sdf.hr\/hr\/nada\/cuspajz\/","title":{"rendered":"\u010cu\u0161pajz"},"content":{"rendered":"<p>\u010cu\u0161pajz, cu\u0161pajz, varivo, ukuhano povr\u0107e u obliku guste juhe ili prilog nekom komadu mesa. Jeste li i vi kao djeca kolutali o\u010dima kada se na stolu na\u0161ao \u010du\u0161pajz? Ako jeste, onda znate te muke dok se sve ne pojede. No s godinama nam se ukusi mijenjaju pa mi sada \u010du\u0161pajz zna\u010di da \u0107e se blagovati ne\u0161to ukusno, zdravo, toplo i onako doma\u0107e (kako ka\u017eu, &#8220;na \u017elicu&#8221;).<\/p>\n<p>Svatko ima svoj recept za \u010du\u0161pajz, ovisno koje povr\u0107e je dostupno i \u0161to obitelj voli. Uz obaveznu podlogu od luka i mrkve naj\u010de\u0161\u0107e koristim kelj, svje\u017ee zelje, mahune, \u017eutu korabu, grah ili gra\u0161ak, a najbolje je kada sve bude doma\u0107e iz povrtnjaka ili lokalnog OPG-a. U \u010du\u0161pajz mo\u017eete dodati i krumpir ili noklice. Kod nas se obavezno u loncu mora na\u0107i i neko meso, svje\u017ee ili u obliku kobasica.<\/p>\n<p>Mo\u017eete koristiti povr\u0107e koje volite, nema ograni\u010denja. Bitno je da u lonac dodajete najprije povr\u0107e koje se najdu\u017ee kuha pa redom do onoga koje je brzo kuhano. Bake su \u010desto \u010du\u0161pajz kuhale na zapr\u0161ki no ja ne koristim bra\u0161no u pripremi ovog jela. Gusto\u0107u mo\u017eete dobiti krumpirom, a ako je potrebno, razmutim malo svog doma\u0107eg kvasa pa s tim zgusnem jelo. Bazi\u010dno je to jelo koje bismo svi trebali \u0161to \u010de\u0161\u0107e jesti pa evo i mog \u010du\u0161pajza.<\/p>\n<p>&nbsp;<\/p>\n<p><strong><em>Sastojci:<\/em><\/strong><\/p>\n<p>2 glavice luka<\/p>\n<p>1 re\u017eanj \u010de\u0161njaka<\/p>\n<p>\u017elica ulja ili masti<\/p>\n<p>3 dl temeljca i vode po potrebi<\/p>\n<p>manja glavica kelja<\/p>\n<p>2 krumpira<\/p>\n<p>2 mrkve<\/p>\n<p>\u010dili papri\u010dica<\/p>\n<p>slatka mljevena paprika<\/p>\n<p>2 kobasice (naj\u010de\u0161\u0107e koristim doma\u0107e, dimljene)<\/p>\n<p>sol, papar<\/p>\n<p>per\u0161in<\/p>\n<p><em>\u00a0<\/em><\/p>\n<p><strong><em>Priprema:<\/em><\/strong><\/p>\n<p>U dubljoj posudi zagrijte masno\u0107u i dodajte nasjeckani luk. Popr\u017eite ga, neka se za\u017euti. Dodajte protisnuti ili nasjeckani re\u017eanj \u010de\u0161njaka i kada zamiri\u0161i (pazite da ne zagori jer poprimi gor\u010dinu), dodajte mrkvu i krumpir nasjeckane na pribli\u017eno jednake komadi\u0107e. Malo prodinstajte sve skupa da se sljubi i zalijte temeljcem i vodom.<\/p>\n<p>Kada sve zakuha, dodajte narezani kelj, kobase, slatku mljevenu papriku i \u010dili papri\u010dicu (po \u017eelji, koliko pikantno \u017eelite). Dodajte jo\u0161 vode ukoliko je potrebno, poklopite i ostavite da se kr\u010dka. Povremeno promije\u0161ajte. Jelo je gotovo kada su krumpir i mrkva omek\u0161ali. Za\u010dinite solju i paprom prema ukusu te pospite nasjeckanim per\u0161inom.<\/p>\n<p>Mo\u017eete raditi i vegansku verziju uz povrtni temeljac i bez kobasica. Uz ovo jelo mi najbolje odgovara doma\u0107i kruh. Na isti na\u010din mo\u017eete pripremiti \u010du\u0161pajz s mahunama koje volim u kombinaciji s junetinom ili \u010du\u0161pajz sa svje\u017eim zeljem poslu\u017een uz kosane odreske. \u010cesto pripremam i \u010du\u0161pajz s gra\u0161kom i noklicama uz koji kombiniram piletinu ili junetinu.<\/p>\n<p>Dobar tek!<\/p>\n<p><em>pi\u0161e Valentina Vukadinovi\u0107<\/em><\/p>\n","protected":false},"excerpt":{"rendered":"<p>Uz obaveznu podlogu od luka i mrkve naj\u010de\u0161\u0107e koristim kelj, svje\u017ee zelje, mahune, \u017eutu korabu, grah ili gra\u0161ak, a najbolje je kada sve bude doma\u0107e iz povrtnjaka ili lokalnog OPG-a<\/p>\n","protected":false},"featured_media":6039,"template":"","tags":[42],"atribut":[],"class_list":["post-6040","nada","type-nada","status-publish","has-post-thumbnail","hentry","tag-gorski-kotao"],"acf":[],"yoast_head":"<!-- This site is optimized with the Yoast SEO plugin v27.4 - https:\/\/yoast.com\/product\/yoast-seo-wordpress\/ -->\n<title>\u010cu\u0161pajz - SDF - Srpski demokratski forum<\/title>\n<meta name=\"robots\" content=\"index, follow, max-snippet:-1, max-image-preview:large, max-video-preview:-1\" \/>\n<link rel=\"canonical\" href=\"https:\/\/sdf.hr\/hr\/nada\/cuspajz\/\" \/>\n<meta property=\"og:locale\" content=\"hr_HR\" \/>\n<meta property=\"og:type\" content=\"article\" \/>\n<meta property=\"og:title\" content=\"\u010cu\u0161pajz - SDF - Srpski demokratski forum\" \/>\n<meta property=\"og:description\" content=\"Uz obaveznu podlogu od luka i mrkve naj\u010de\u0161\u0107e koristim kelj, svje\u017ee zelje, mahune, \u017eutu korabu, grah ili gra\u0161ak, a najbolje je kada sve bude doma\u0107e iz povrtnjaka ili lokalnog OPG-a\" \/>\n<meta property=\"og:url\" content=\"https:\/\/sdf.hr\/hr\/nada\/cuspajz\/\" \/>\n<meta property=\"og:site_name\" content=\"SDF - Srpski demokratski forum\" \/>\n<meta property=\"article:modified_time\" content=\"2025-03-23T07:04:58+00:00\" \/>\n<meta property=\"og:image\" content=\"https:\/\/sdf.hr\/wp-content\/uploads\/2025\/03\/Cuspajz-scaled.jpeg\" \/>\n\t<meta property=\"og:image:width\" content=\"2560\" \/>\n\t<meta property=\"og:image:height\" content=\"1920\" \/>\n\t<meta property=\"og:image:type\" content=\"image\/jpeg\" \/>\n<meta name=\"twitter:card\" content=\"summary_large_image\" \/>\n<meta name=\"twitter:label1\" content=\"Procijenjeno vrijeme \u010ditanja\" \/>\n\t<meta name=\"twitter:data1\" content=\"2 minute\" \/>\n<script type=\"application\/ld+json\" class=\"yoast-schema-graph\">{\"@context\":\"https:\\\/\\\/schema.org\",\"@graph\":[{\"@type\":\"WebPage\",\"@id\":\"https:\\\/\\\/sdf.hr\\\/hr\\\/nada\\\/cuspajz\\\/\",\"url\":\"https:\\\/\\\/sdf.hr\\\/hr\\\/nada\\\/cuspajz\\\/\",\"name\":\"\u010cu\u0161pajz - SDF - Srpski demokratski forum\",\"isPartOf\":{\"@id\":\"https:\\\/\\\/sdf.hr\\\/#website\"},\"primaryImageOfPage\":{\"@id\":\"https:\\\/\\\/sdf.hr\\\/hr\\\/nada\\\/cuspajz\\\/#primaryimage\"},\"image\":{\"@id\":\"https:\\\/\\\/sdf.hr\\\/hr\\\/nada\\\/cuspajz\\\/#primaryimage\"},\"thumbnailUrl\":\"https:\\\/\\\/sdf.hr\\\/wp-content\\\/uploads\\\/2025\\\/03\\\/Cuspajz-scaled.jpeg\",\"datePublished\":\"2025-03-23T06:55:06+00:00\",\"dateModified\":\"2025-03-23T07:04:58+00:00\",\"breadcrumb\":{\"@id\":\"https:\\\/\\\/sdf.hr\\\/hr\\\/nada\\\/cuspajz\\\/#breadcrumb\"},\"inLanguage\":\"hr\",\"potentialAction\":[{\"@type\":\"ReadAction\",\"target\":[\"https:\\\/\\\/sdf.hr\\\/hr\\\/nada\\\/cuspajz\\\/\"]}]},{\"@type\":\"ImageObject\",\"inLanguage\":\"hr\",\"@id\":\"https:\\\/\\\/sdf.hr\\\/hr\\\/nada\\\/cuspajz\\\/#primaryimage\",\"url\":\"https:\\\/\\\/sdf.hr\\\/wp-content\\\/uploads\\\/2025\\\/03\\\/Cuspajz-scaled.jpeg\",\"contentUrl\":\"https:\\\/\\\/sdf.hr\\\/wp-content\\\/uploads\\\/2025\\\/03\\\/Cuspajz-scaled.jpeg\",\"width\":2560,\"height\":1920},{\"@type\":\"BreadcrumbList\",\"@id\":\"https:\\\/\\\/sdf.hr\\\/hr\\\/nada\\\/cuspajz\\\/#breadcrumb\",\"itemListElement\":[{\"@type\":\"ListItem\",\"position\":1,\"name\":\"Po\u010detna stranica\",\"item\":\"https:\\\/\\\/sdf.hr\\\/hr\\\/\"},{\"@type\":\"ListItem\",\"position\":2,\"name\":\"Nada\",\"item\":\"https:\\\/\\\/sdf.hr\\\/nada\\\/\"},{\"@type\":\"ListItem\",\"position\":3,\"name\":\"\u010cu\u0161pajz\"}]},{\"@type\":\"WebSite\",\"@id\":\"https:\\\/\\\/sdf.hr\\\/#website\",\"url\":\"https:\\\/\\\/sdf.hr\\\/\",\"name\":\"SDF - Srpski demokratski forum\",\"description\":\"Srpski demokratski forum\",\"publisher\":{\"@id\":\"https:\\\/\\\/sdf.hr\\\/#organization\"},\"potentialAction\":[{\"@type\":\"SearchAction\",\"target\":{\"@type\":\"EntryPoint\",\"urlTemplate\":\"https:\\\/\\\/sdf.hr\\\/?s={search_term_string}\"},\"query-input\":{\"@type\":\"PropertyValueSpecification\",\"valueRequired\":true,\"valueName\":\"search_term_string\"}}],\"inLanguage\":\"hr\"},{\"@type\":\"Organization\",\"@id\":\"https:\\\/\\\/sdf.hr\\\/#organization\",\"name\":\"SDF - Srpski demokratski forum\",\"url\":\"https:\\\/\\\/sdf.hr\\\/\",\"logo\":{\"@type\":\"ImageObject\",\"inLanguage\":\"hr\",\"@id\":\"https:\\\/\\\/sdf.hr\\\/#\\\/schema\\\/logo\\\/image\\\/\",\"url\":\"https:\\\/\\\/sdf.hr\\\/wp-content\\\/uploads\\\/2021\\\/07\\\/logo-hr.svg\",\"contentUrl\":\"https:\\\/\\\/sdf.hr\\\/wp-content\\\/uploads\\\/2021\\\/07\\\/logo-hr.svg\",\"width\":271,\"height\":100,\"caption\":\"SDF - Srpski demokratski forum\"},\"image\":{\"@id\":\"https:\\\/\\\/sdf.hr\\\/#\\\/schema\\\/logo\\\/image\\\/\"}}]}<\/script>\n<!-- \/ Yoast SEO plugin. -->","yoast_head_json":{"title":"\u010cu\u0161pajz - SDF - Srpski demokratski forum","robots":{"index":"index","follow":"follow","max-snippet":"max-snippet:-1","max-image-preview":"max-image-preview:large","max-video-preview":"max-video-preview:-1"},"canonical":"https:\/\/sdf.hr\/hr\/nada\/cuspajz\/","og_locale":"hr_HR","og_type":"article","og_title":"\u010cu\u0161pajz - SDF - Srpski demokratski forum","og_description":"Uz obaveznu podlogu od luka i mrkve naj\u010de\u0161\u0107e koristim kelj, svje\u017ee zelje, mahune, \u017eutu korabu, grah ili gra\u0161ak, a najbolje je kada sve bude doma\u0107e iz povrtnjaka ili lokalnog OPG-a","og_url":"https:\/\/sdf.hr\/hr\/nada\/cuspajz\/","og_site_name":"SDF - Srpski demokratski forum","article_modified_time":"2025-03-23T07:04:58+00:00","og_image":[{"width":2560,"height":1920,"url":"https:\/\/sdf.hr\/wp-content\/uploads\/2025\/03\/Cuspajz-scaled.jpeg","type":"image\/jpeg"}],"twitter_card":"summary_large_image","twitter_misc":{"Procijenjeno vrijeme \u010ditanja":"2 minute"},"schema":{"@context":"https:\/\/schema.org","@graph":[{"@type":"WebPage","@id":"https:\/\/sdf.hr\/hr\/nada\/cuspajz\/","url":"https:\/\/sdf.hr\/hr\/nada\/cuspajz\/","name":"\u010cu\u0161pajz - SDF - Srpski demokratski forum","isPartOf":{"@id":"https:\/\/sdf.hr\/#website"},"primaryImageOfPage":{"@id":"https:\/\/sdf.hr\/hr\/nada\/cuspajz\/#primaryimage"},"image":{"@id":"https:\/\/sdf.hr\/hr\/nada\/cuspajz\/#primaryimage"},"thumbnailUrl":"https:\/\/sdf.hr\/wp-content\/uploads\/2025\/03\/Cuspajz-scaled.jpeg","datePublished":"2025-03-23T06:55:06+00:00","dateModified":"2025-03-23T07:04:58+00:00","breadcrumb":{"@id":"https:\/\/sdf.hr\/hr\/nada\/cuspajz\/#breadcrumb"},"inLanguage":"hr","potentialAction":[{"@type":"ReadAction","target":["https:\/\/sdf.hr\/hr\/nada\/cuspajz\/"]}]},{"@type":"ImageObject","inLanguage":"hr","@id":"https:\/\/sdf.hr\/hr\/nada\/cuspajz\/#primaryimage","url":"https:\/\/sdf.hr\/wp-content\/uploads\/2025\/03\/Cuspajz-scaled.jpeg","contentUrl":"https:\/\/sdf.hr\/wp-content\/uploads\/2025\/03\/Cuspajz-scaled.jpeg","width":2560,"height":1920},{"@type":"BreadcrumbList","@id":"https:\/\/sdf.hr\/hr\/nada\/cuspajz\/#breadcrumb","itemListElement":[{"@type":"ListItem","position":1,"name":"Po\u010detna stranica","item":"https:\/\/sdf.hr\/hr\/"},{"@type":"ListItem","position":2,"name":"Nada","item":"https:\/\/sdf.hr\/nada\/"},{"@type":"ListItem","position":3,"name":"\u010cu\u0161pajz"}]},{"@type":"WebSite","@id":"https:\/\/sdf.hr\/#website","url":"https:\/\/sdf.hr\/","name":"SDF - Srpski demokratski forum","description":"Srpski demokratski forum","publisher":{"@id":"https:\/\/sdf.hr\/#organization"},"potentialAction":[{"@type":"SearchAction","target":{"@type":"EntryPoint","urlTemplate":"https:\/\/sdf.hr\/?s={search_term_string}"},"query-input":{"@type":"PropertyValueSpecification","valueRequired":true,"valueName":"search_term_string"}}],"inLanguage":"hr"},{"@type":"Organization","@id":"https:\/\/sdf.hr\/#organization","name":"SDF - Srpski demokratski forum","url":"https:\/\/sdf.hr\/","logo":{"@type":"ImageObject","inLanguage":"hr","@id":"https:\/\/sdf.hr\/#\/schema\/logo\/image\/","url":"https:\/\/sdf.hr\/wp-content\/uploads\/2021\/07\/logo-hr.svg","contentUrl":"https:\/\/sdf.hr\/wp-content\/uploads\/2021\/07\/logo-hr.svg","width":271,"height":100,"caption":"SDF - Srpski demokratski forum"},"image":{"@id":"https:\/\/sdf.hr\/#\/schema\/logo\/image\/"}}]}},"_links":{"self":[{"href":"https:\/\/sdf.hr\/hr\/wp-json\/wp\/v2\/nada\/6040","targetHints":{"allow":["GET"]}}],"collection":[{"href":"https:\/\/sdf.hr\/hr\/wp-json\/wp\/v2\/nada"}],"about":[{"href":"https:\/\/sdf.hr\/hr\/wp-json\/wp\/v2\/types\/nada"}],"wp:featuredmedia":[{"embeddable":true,"href":"https:\/\/sdf.hr\/hr\/wp-json\/wp\/v2\/media\/6039"}],"wp:attachment":[{"href":"https:\/\/sdf.hr\/hr\/wp-json\/wp\/v2\/media?parent=6040"}],"wp:term":[{"taxonomy":"post_tag","embeddable":true,"href":"https:\/\/sdf.hr\/hr\/wp-json\/wp\/v2\/tags?post=6040"},{"taxonomy":"atribut","embeddable":true,"href":"https:\/\/sdf.hr\/hr\/wp-json\/wp\/v2\/atribut?post=6040"}],"curies":[{"name":"wp","href":"https:\/\/api.w.org\/{rel}","templated":true}]}}

Čušpajz

<p>Čušpajz, cušpajz, varivo, ukuhano povrće u obliku guste juhe ili prilog nekom komadu mesa. Jeste li i vi kao djeca kolutali očima kada se na stolu našao čušpajz? Ako jeste, onda znate te muke dok se sve ne pojede. No s godinama nam se ukusi mijenjaju pa mi sada čušpajz znači da će se blagovati nešto ukusno, zdravo, toplo i onako domaće (kako kažu, &#8220;na žlicu&#8221;).</p>
<p>Svatko ima svoj recept za čušpajz, ovisno koje povrće je dostupno i što obitelj voli. Uz obaveznu podlogu od luka i mrkve najčešće koristim kelj, svježe zelje, mahune, žutu korabu, grah ili grašak, a najbolje je kada sve bude domaće iz povrtnjaka ili lokalnog OPG-a. U čušpajz možete dodati i krumpir ili noklice. Kod nas se obavezno u loncu mora naći i neko meso, svježe ili u obliku kobasica.</p>
<p>Možete koristiti povrće koje volite, nema ograničenja. Bitno je da u lonac dodajete najprije povrće koje se najduže kuha pa redom do onoga koje je brzo kuhano. Bake su često čušpajz kuhale na zaprški no ja ne koristim brašno u pripremi ovog jela. Gustoću možete dobiti krumpirom, a ako je potrebno, razmutim malo svog domaćeg kvasa pa s tim zgusnem jelo. Bazično je to jelo koje bismo svi trebali što češće jesti pa evo i mog čušpajza.</p>
<p>&nbsp;</p>
<p><strong><em>Sastojci:</em></strong></p>
<p>2 glavice luka</p>
<p>1 režanj češnjaka</p>
<p>žlica ulja ili masti</p>
<p>3 dl temeljca i vode po potrebi</p>
<p>manja glavica kelja</p>
<p>2 krumpira</p>
<p>2 mrkve</p>
<p>čili papričica</p>
<p>slatka mljevena paprika</p>
<p>2 kobasice (najčešće koristim domaće, dimljene)</p>
<p>sol, papar</p>
<p>peršin</p>
<p><em> </em></p>
<p><strong><em>Priprema:</em></strong></p>
<p>U dubljoj posudi zagrijte masnoću i dodajte nasjeckani luk. Popržite ga, neka se zažuti. Dodajte protisnuti ili nasjeckani režanj češnjaka i kada zamiriši (pazite da ne zagori jer poprimi gorčinu), dodajte mrkvu i krumpir nasjeckane na približno jednake komadiće. Malo prodinstajte sve skupa da se sljubi i zalijte temeljcem i vodom.</p>
<p>Kada sve zakuha, dodajte narezani kelj, kobase, slatku mljevenu papriku i čili papričicu (po želji, koliko pikantno želite). Dodajte još vode ukoliko je potrebno, poklopite i ostavite da se krčka. Povremeno promiješajte. Jelo je gotovo kada su krumpir i mrkva omekšali. Začinite solju i paprom prema ukusu te pospite nasjeckanim peršinom.</p>
<p>Možete raditi i vegansku verziju uz povrtni temeljac i bez kobasica. Uz ovo jelo mi najbolje odgovara domaći kruh. Na isti način možete pripremiti čušpajz s mahunama koje volim u kombinaciji s junetinom ili čušpajz sa svježim zeljem poslužen uz kosane odreske. Često pripremam i čušpajz s graškom i noklicama uz koji kombiniram piletinu ili junetinu.</p>
<p>Dobar tek!</p>
<p><em>piše Valentina Vukadinović</em></p>

<p>Uz obaveznu podlogu od luka i mrkve najčešće koristim kelj, svježe zelje, mahune, žutu korabu, grah ili grašak, a najbolje je kada sve bude domaće iz povrtnjaka ili lokalnog OPG-a</p>

<!-- This site is optimized with the Yoast SEO plugin v27.4 - https://yoast.com/product/yoast-seo-wordpress/ -->
<title>Čušpajz - SDF - Srpski demokratski forum</title>
<meta name="robots" content="index, follow, max-snippet:-1, max-image-preview:large, max-video-preview:-1" />
<link rel="canonical" href="https://sdf.hr/hr/nada/cuspajz/" />
<meta property="og:locale" content="hr_HR" />
<meta property="og:type" content="article" />
<meta property="og:title" content="Čušpajz - SDF - Srpski demokratski forum" />
<meta property="og:description" content="Uz obaveznu podlogu od luka i mrkve najčešće koristim kelj, svježe zelje, mahune, žutu korabu, grah ili grašak, a najbolje je kada sve bude domaće iz povrtnjaka ili lokalnog OPG-a" />
<meta property="og:url" content="https://sdf.hr/hr/nada/cuspajz/" />
<meta property="og:site_name" content="SDF - Srpski demokratski forum" />
<meta property="article:modified_time" content="2025-03-23T07:04:58+00:00" />
<meta property="og:image" content="https://sdf.hr/wp-content/uploads/2025/03/Cuspajz-scaled.jpeg" />
	<meta property="og:image:width" content="2560" />
	<meta property="og:image:height" content="1920" />
	<meta property="og:image:type" content="image/jpeg" />
<meta name="twitter:card" content="summary_large_image" />
<meta name="twitter:label1" content="Procijenjeno vrijeme čitanja" />
	<meta name="twitter:data1" content="2 minute" />
<script type="application/ld+json" class="yoast-schema-graph">{"@context":"https:\/\/schema.org","@graph":[{"@type":"WebPage","@id":"https:\/\/sdf.hr\/hr\/nada\/cuspajz\/","url":"https:\/\/sdf.hr\/hr\/nada\/cuspajz\/","name":"Čušpajz - SDF - Srpski demokratski forum","isPartOf":{"@id":"https:\/\/sdf.hr\/#website"},"primaryImageOfPage":{"@id":"https:\/\/sdf.hr\/hr\/nada\/cuspajz\/#primaryimage"},"image":{"@id":"https:\/\/sdf.hr\/hr\/nada\/cuspajz\/#primaryimage"},"thumbnailUrl":"https:\/\/sdf.hr\/wp-content\/uploads\/2025\/03\/Cuspajz-scaled.jpeg","datePublished":"2025-03-23T06:55:06+00:00","dateModified":"2025-03-23T07:04:58+00:00","breadcrumb":{"@id":"https:\/\/sdf.hr\/hr\/nada\/cuspajz\/#breadcrumb"},"inLanguage":"hr","potentialAction":[{"@type":"ReadAction","target":["https:\/\/sdf.hr\/hr\/nada\/cuspajz\/"]}]},{"@type":"ImageObject","inLanguage":"hr","@id":"https:\/\/sdf.hr\/hr\/nada\/cuspajz\/#primaryimage","url":"https:\/\/sdf.hr\/wp-content\/uploads\/2025\/03\/Cuspajz-scaled.jpeg","contentUrl":"https:\/\/sdf.hr\/wp-content\/uploads\/2025\/03\/Cuspajz-scaled.jpeg","width":2560,"height":1920},{"@type":"BreadcrumbList","@id":"https:\/\/sdf.hr\/hr\/nada\/cuspajz\/#breadcrumb","itemListElement":[{"@type":"ListItem","position":1,"name":"Početna stranica","item":"https:\/\/sdf.hr\/hr\/"},{"@type":"ListItem","position":2,"name":"Nada","item":"https:\/\/sdf.hr\/nada\/"},{"@type":"ListItem","position":3,"name":"Čušpajz"}]},{"@type":"WebSite","@id":"https:\/\/sdf.hr\/#website","url":"https:\/\/sdf.hr\/","name":"SDF - Srpski demokratski forum","description":"Srpski demokratski forum","publisher":{"@id":"https:\/\/sdf.hr\/#organization"},"potentialAction":[{"@type":"SearchAction","target":{"@type":"EntryPoint","urlTemplate":"https:\/\/sdf.hr\/?s={search_term_string}"},"query-input":{"@type":"PropertyValueSpecification","valueRequired":true,"valueName":"search_term_string"}}],"inLanguage":"hr"},{"@type":"Organization","@id":"https:\/\/sdf.hr\/#organization","name":"SDF - Srpski demokratski forum","url":"https:\/\/sdf.hr\/","logo":{"@type":"ImageObject","inLanguage":"hr","@id":"https:\/\/sdf.hr\/#\/schema\/logo\/image\/","url":"https:\/\/sdf.hr\/wp-content\/uploads\/2021\/07\/logo-hr.svg","contentUrl":"https:\/\/sdf.hr\/wp-content\/uploads\/2021\/07\/logo-hr.svg","width":271,"height":100,"caption":"SDF - Srpski demokratski forum"},"image":{"@id":"https:\/\/sdf.hr\/#\/schema\/logo\/image\/"}}]}</script>
<!-- / Yoast SEO plugin. -->

Čušpajz - SDF - Srpski demokratski forum

Uz obaveznu podlogu od luka i mrkve najčešće koristim kelj, svježe zelje, mahune, žutu korabu, grah ili grašak, a najbolje je kada sve bude domaće iz povrtnjaka ili lokalnog OPG-a

Početna stranica
