{"id":7208,"date":"2025-10-18T07:22:08","date_gmt":"2025-10-18T05:22:08","guid":{"rendered":"https:\/\/sdf.hr\/nada\/juha-od-bundeve\/"},"modified":"2025-10-18T07:23:00","modified_gmt":"2025-10-18T05:23:00","slug":"juha-od-bundeve","status":"publish","type":"nada","link":"https:\/\/sdf.hr\/hr\/nada\/juha-od-bundeve\/","title":{"rendered":"Juha od bundeve"},"content":{"rendered":"<p>Bundevijada je manifestacija koja se u Vrbovskom odr\u017eava vi\u0161e od 20 godina i na njoj mo\u017eete ku\u0161ati raznovrsnu doma\u0107u hranu s naglaskom na bundevu, tikvu ili bu\u010du. Osim \u0161to je bundeva u centru zbivanja, odr\u017eava se i bogat kulturno-umjetni\u010dki program, a mno\u0161tvo izlaga\u010da na svojim \u0161tandovima nudi razne proizvode koje mo\u017eete kupiti. Predivan je to \u0161u\u0161ur i izvrsna prilika za posjet Gorskom kotaru u ovo jesensko, najljep\u0161e doba kada sve pr\u0161ti od boja, okusa i mirisa.<\/p>\n<p>U natjecateljskom dijelu Bundevijade bira se najte\u017ea, najmanja i najzanimljivija bundeva. Tako\u0111er se biraju i najbolje slatko te najbolje slano jelo od bundeve. U tim izborima svi imaju priliku sudjelovati i pokazati svoje umije\u0107e u kuhinji. Ma\u0161tovitost recepata i jela od bundeve me odu\u0161evi svake godine i vjerujte, nema toga \u0161to se s bundevom ne mo\u017ee pripremiti.<\/p>\n<p>Na pro\u0161loj Bundevijadi sam uz pomo\u0107 drage <strong>Martine Valid\u017ei\u0107<\/strong> pripremala ovu juhu od bundeve (koju ina\u010de obo\u017eavam) pa vam pi\u0161em recept za nju. Ova juha je bogata sastojcima, a zagrijat \u0107e vam i du\u0161u i tijelo svojim okusom, mirisom i bojom. Prava je jesenska poslastica koju mo\u017eete poslu\u017eiti uz prepe\u010deni kruh ili hrskave krekere.<\/p>\n<p>&nbsp;<\/p>\n<p><strong><em>Sastojci (za otprilike 4 osobe):<\/em><\/strong><\/p>\n<p>1 manja hokaido tikva<\/p>\n<p>1 do 2 manje glavice \u017eutog luka<\/p>\n<p>1 do 2 mrkve<\/p>\n<p>\u010detvrt korijena celera<\/p>\n<p>1 jabuka<\/p>\n<p>1 do 2 re\u017enja \u010de\u0161njaka<\/p>\n<p>1 srednji krumpir<\/p>\n<p>3 do 4 dl temeljca i jo\u0161 vode ukoliko je potrebno<\/p>\n<p>1 dl bijelog vina<\/p>\n<p>sol i papar<\/p>\n<p>\u010dili papri\u010dica (mo\u017eete izostaviti ako ne volite ljuto)<\/p>\n<p>mu\u0161katni ora\u0161\u010di\u0107<\/p>\n<p>komadi\u0107 svje\u017eeg \u0111umbira<\/p>\n<p>prstohvat maj\u010dine du\u0161ice<\/p>\n<p>maslinovo ulje<\/p>\n<p>bu\u010dino ulje i sjemenke<\/p>\n<p>\u017elica jabu\u010dnog octa<\/p>\n<p>&nbsp;<\/p>\n<p><strong><em>Priprema:<\/em><\/strong><\/p>\n<p>U posudu stavite par \u017elica maslinovog ulja pa dodajte nasjeckan luk, mrkvu i korijen celera. Pirjajte bez podlijevanja da se povr\u0107e lagano karamelizira pa mu dodajte protisnuti \u010de\u0161njak, maj\u010dinu du\u0161icu i nasjeckanu jabuku. Jo\u0161 malo pirjajte te kada \u010de\u0161njak zamiri\u0161i, zalijte vinom i pustite da malo prokuha. Zatim dodajte dio temeljca. Ukoliko volite ljuto, dodajte i \u010dili papri\u010dicu.<\/p>\n<p>Hokaido tikvu ne morate guliti nego je samo operite i prepolovite pa o\u010distite od sjemenki. Nare\u017eite je na kockice isto kao i krumpir pa dodajte u lonac i sve zalijte ostatkom temeljca i vodom. Neka lagano kuha uz povremeno mije\u0161anje.<\/p>\n<p>Pri kraju kuhanja dodajte naribani \u0111umbir, sol, papar i mu\u0161katni ora\u0161\u010di\u0107. Kada su krumpir i tikva omek\u0161ali, smiksajte juhu u blenderu ili izradite \u0161tapnim mikserom pa vratite na laganu vatru. Dolijte jo\u0161 vode ako je pregusto. Po \u017eelji i ukoliko nedostaje kiseline, dodajte malo octa i kuhajte jo\u0161 nekih deset minuta.<\/p>\n<p>Gotovu juhu polijte bu\u010dinim uljem i pospite tostiranim sjemenkama bundeve pa u\u017eivajte svim \u010dulima.<\/p>\n<p>Dobar tek!<\/p>\n<p><em>pi\u0161e Valentina Vukadinovi\u0107<\/em><\/p>\n","protected":false},"excerpt":{"rendered":"<p>Ova juha je bogata sastojcima, a zagrijat \u0107e vam i du\u0161u i tijelo svojim okusom, mirisom i bojom. Prava je jesenska poslastica koju mo\u017eete poslu\u017eiti uz prepe\u010deni kruh ili hrskave krekere<\/p>\n","protected":false},"featured_media":7207,"template":"","tags":[42],"atribut":[],"class_list":["post-7208","nada","type-nada","status-publish","has-post-thumbnail","hentry","tag-gorski-kotao"],"acf":[],"yoast_head":"<!-- This site is optimized with the Yoast SEO plugin v27.4 - https:\/\/yoast.com\/product\/yoast-seo-wordpress\/ -->\n<title>Juha od bundeve - SDF - Srpski demokratski forum<\/title>\n<meta name=\"robots\" content=\"index, follow, max-snippet:-1, max-image-preview:large, max-video-preview:-1\" \/>\n<link rel=\"canonical\" href=\"https:\/\/sdf.hr\/hr\/nada\/juha-od-bundeve\/\" \/>\n<meta property=\"og:locale\" content=\"hr_HR\" \/>\n<meta property=\"og:type\" content=\"article\" \/>\n<meta property=\"og:title\" content=\"Juha od bundeve - SDF - Srpski demokratski forum\" \/>\n<meta property=\"og:description\" content=\"Ova juha je bogata sastojcima, a zagrijat \u0107e vam i du\u0161u i tijelo svojim okusom, mirisom i bojom. Prava je jesenska poslastica koju mo\u017eete poslu\u017eiti uz prepe\u010deni kruh ili hrskave krekere\" \/>\n<meta property=\"og:url\" content=\"https:\/\/sdf.hr\/hr\/nada\/juha-od-bundeve\/\" \/>\n<meta property=\"og:site_name\" content=\"SDF - Srpski demokratski forum\" \/>\n<meta property=\"article:modified_time\" content=\"2025-10-18T05:23:00+00:00\" \/>\n<meta property=\"og:image\" content=\"https:\/\/sdf.hr\/wp-content\/uploads\/2025\/10\/Juha-scaled.jpg\" \/>\n\t<meta property=\"og:image:width\" content=\"2560\" \/>\n\t<meta property=\"og:image:height\" content=\"1417\" \/>\n\t<meta property=\"og:image:type\" content=\"image\/jpeg\" \/>\n<meta name=\"twitter:card\" content=\"summary_large_image\" \/>\n<meta name=\"twitter:label1\" content=\"Procijenjeno vrijeme \u010ditanja\" \/>\n\t<meta name=\"twitter:data1\" content=\"2 minute\" \/>\n<script type=\"application\/ld+json\" class=\"yoast-schema-graph\">{\"@context\":\"https:\\\/\\\/schema.org\",\"@graph\":[{\"@type\":\"WebPage\",\"@id\":\"https:\\\/\\\/sdf.hr\\\/hr\\\/nada\\\/juha-od-bundeve\\\/\",\"url\":\"https:\\\/\\\/sdf.hr\\\/hr\\\/nada\\\/juha-od-bundeve\\\/\",\"name\":\"Juha od bundeve - SDF - Srpski demokratski forum\",\"isPartOf\":{\"@id\":\"https:\\\/\\\/sdf.hr\\\/#website\"},\"primaryImageOfPage\":{\"@id\":\"https:\\\/\\\/sdf.hr\\\/hr\\\/nada\\\/juha-od-bundeve\\\/#primaryimage\"},\"image\":{\"@id\":\"https:\\\/\\\/sdf.hr\\\/hr\\\/nada\\\/juha-od-bundeve\\\/#primaryimage\"},\"thumbnailUrl\":\"https:\\\/\\\/sdf.hr\\\/wp-content\\\/uploads\\\/2025\\\/10\\\/Juha-scaled.jpg\",\"datePublished\":\"2025-10-18T05:22:08+00:00\",\"dateModified\":\"2025-10-18T05:23:00+00:00\",\"breadcrumb\":{\"@id\":\"https:\\\/\\\/sdf.hr\\\/hr\\\/nada\\\/juha-od-bundeve\\\/#breadcrumb\"},\"inLanguage\":\"hr\",\"potentialAction\":[{\"@type\":\"ReadAction\",\"target\":[\"https:\\\/\\\/sdf.hr\\\/hr\\\/nada\\\/juha-od-bundeve\\\/\"]}]},{\"@type\":\"ImageObject\",\"inLanguage\":\"hr\",\"@id\":\"https:\\\/\\\/sdf.hr\\\/hr\\\/nada\\\/juha-od-bundeve\\\/#primaryimage\",\"url\":\"https:\\\/\\\/sdf.hr\\\/wp-content\\\/uploads\\\/2025\\\/10\\\/Juha-scaled.jpg\",\"contentUrl\":\"https:\\\/\\\/sdf.hr\\\/wp-content\\\/uploads\\\/2025\\\/10\\\/Juha-scaled.jpg\",\"width\":2560,\"height\":1417},{\"@type\":\"BreadcrumbList\",\"@id\":\"https:\\\/\\\/sdf.hr\\\/hr\\\/nada\\\/juha-od-bundeve\\\/#breadcrumb\",\"itemListElement\":[{\"@type\":\"ListItem\",\"position\":1,\"name\":\"Po\u010detna stranica\",\"item\":\"https:\\\/\\\/sdf.hr\\\/hr\\\/\"},{\"@type\":\"ListItem\",\"position\":2,\"name\":\"Nada\",\"item\":\"https:\\\/\\\/sdf.hr\\\/nada\\\/\"},{\"@type\":\"ListItem\",\"position\":3,\"name\":\"Juha od bundeve\"}]},{\"@type\":\"WebSite\",\"@id\":\"https:\\\/\\\/sdf.hr\\\/#website\",\"url\":\"https:\\\/\\\/sdf.hr\\\/\",\"name\":\"SDF - Srpski demokratski forum\",\"description\":\"Srpski demokratski forum\",\"publisher\":{\"@id\":\"https:\\\/\\\/sdf.hr\\\/#organization\"},\"potentialAction\":[{\"@type\":\"SearchAction\",\"target\":{\"@type\":\"EntryPoint\",\"urlTemplate\":\"https:\\\/\\\/sdf.hr\\\/?s={search_term_string}\"},\"query-input\":{\"@type\":\"PropertyValueSpecification\",\"valueRequired\":true,\"valueName\":\"search_term_string\"}}],\"inLanguage\":\"hr\"},{\"@type\":\"Organization\",\"@id\":\"https:\\\/\\\/sdf.hr\\\/#organization\",\"name\":\"SDF - Srpski demokratski forum\",\"url\":\"https:\\\/\\\/sdf.hr\\\/\",\"logo\":{\"@type\":\"ImageObject\",\"inLanguage\":\"hr\",\"@id\":\"https:\\\/\\\/sdf.hr\\\/#\\\/schema\\\/logo\\\/image\\\/\",\"url\":\"https:\\\/\\\/sdf.hr\\\/wp-content\\\/uploads\\\/2021\\\/07\\\/logo-hr.svg\",\"contentUrl\":\"https:\\\/\\\/sdf.hr\\\/wp-content\\\/uploads\\\/2021\\\/07\\\/logo-hr.svg\",\"width\":271,\"height\":100,\"caption\":\"SDF - Srpski demokratski forum\"},\"image\":{\"@id\":\"https:\\\/\\\/sdf.hr\\\/#\\\/schema\\\/logo\\\/image\\\/\"}}]}<\/script>\n<!-- \/ Yoast SEO plugin. -->","yoast_head_json":{"title":"Juha od bundeve - SDF - Srpski demokratski forum","robots":{"index":"index","follow":"follow","max-snippet":"max-snippet:-1","max-image-preview":"max-image-preview:large","max-video-preview":"max-video-preview:-1"},"canonical":"https:\/\/sdf.hr\/hr\/nada\/juha-od-bundeve\/","og_locale":"hr_HR","og_type":"article","og_title":"Juha od bundeve - SDF - Srpski demokratski forum","og_description":"Ova juha je bogata sastojcima, a zagrijat \u0107e vam i du\u0161u i tijelo svojim okusom, mirisom i bojom. Prava je jesenska poslastica koju mo\u017eete poslu\u017eiti uz prepe\u010deni kruh ili hrskave krekere","og_url":"https:\/\/sdf.hr\/hr\/nada\/juha-od-bundeve\/","og_site_name":"SDF - Srpski demokratski forum","article_modified_time":"2025-10-18T05:23:00+00:00","og_image":[{"width":2560,"height":1417,"url":"https:\/\/sdf.hr\/wp-content\/uploads\/2025\/10\/Juha-scaled.jpg","type":"image\/jpeg"}],"twitter_card":"summary_large_image","twitter_misc":{"Procijenjeno vrijeme \u010ditanja":"2 minute"},"schema":{"@context":"https:\/\/schema.org","@graph":[{"@type":"WebPage","@id":"https:\/\/sdf.hr\/hr\/nada\/juha-od-bundeve\/","url":"https:\/\/sdf.hr\/hr\/nada\/juha-od-bundeve\/","name":"Juha od bundeve - SDF - Srpski demokratski forum","isPartOf":{"@id":"https:\/\/sdf.hr\/#website"},"primaryImageOfPage":{"@id":"https:\/\/sdf.hr\/hr\/nada\/juha-od-bundeve\/#primaryimage"},"image":{"@id":"https:\/\/sdf.hr\/hr\/nada\/juha-od-bundeve\/#primaryimage"},"thumbnailUrl":"https:\/\/sdf.hr\/wp-content\/uploads\/2025\/10\/Juha-scaled.jpg","datePublished":"2025-10-18T05:22:08+00:00","dateModified":"2025-10-18T05:23:00+00:00","breadcrumb":{"@id":"https:\/\/sdf.hr\/hr\/nada\/juha-od-bundeve\/#breadcrumb"},"inLanguage":"hr","potentialAction":[{"@type":"ReadAction","target":["https:\/\/sdf.hr\/hr\/nada\/juha-od-bundeve\/"]}]},{"@type":"ImageObject","inLanguage":"hr","@id":"https:\/\/sdf.hr\/hr\/nada\/juha-od-bundeve\/#primaryimage","url":"https:\/\/sdf.hr\/wp-content\/uploads\/2025\/10\/Juha-scaled.jpg","contentUrl":"https:\/\/sdf.hr\/wp-content\/uploads\/2025\/10\/Juha-scaled.jpg","width":2560,"height":1417},{"@type":"BreadcrumbList","@id":"https:\/\/sdf.hr\/hr\/nada\/juha-od-bundeve\/#breadcrumb","itemListElement":[{"@type":"ListItem","position":1,"name":"Po\u010detna stranica","item":"https:\/\/sdf.hr\/hr\/"},{"@type":"ListItem","position":2,"name":"Nada","item":"https:\/\/sdf.hr\/nada\/"},{"@type":"ListItem","position":3,"name":"Juha od bundeve"}]},{"@type":"WebSite","@id":"https:\/\/sdf.hr\/#website","url":"https:\/\/sdf.hr\/","name":"SDF - Srpski demokratski forum","description":"Srpski demokratski forum","publisher":{"@id":"https:\/\/sdf.hr\/#organization"},"potentialAction":[{"@type":"SearchAction","target":{"@type":"EntryPoint","urlTemplate":"https:\/\/sdf.hr\/?s={search_term_string}"},"query-input":{"@type":"PropertyValueSpecification","valueRequired":true,"valueName":"search_term_string"}}],"inLanguage":"hr"},{"@type":"Organization","@id":"https:\/\/sdf.hr\/#organization","name":"SDF - Srpski demokratski forum","url":"https:\/\/sdf.hr\/","logo":{"@type":"ImageObject","inLanguage":"hr","@id":"https:\/\/sdf.hr\/#\/schema\/logo\/image\/","url":"https:\/\/sdf.hr\/wp-content\/uploads\/2021\/07\/logo-hr.svg","contentUrl":"https:\/\/sdf.hr\/wp-content\/uploads\/2021\/07\/logo-hr.svg","width":271,"height":100,"caption":"SDF - Srpski demokratski forum"},"image":{"@id":"https:\/\/sdf.hr\/#\/schema\/logo\/image\/"}}]}},"_links":{"self":[{"href":"https:\/\/sdf.hr\/hr\/wp-json\/wp\/v2\/nada\/7208","targetHints":{"allow":["GET"]}}],"collection":[{"href":"https:\/\/sdf.hr\/hr\/wp-json\/wp\/v2\/nada"}],"about":[{"href":"https:\/\/sdf.hr\/hr\/wp-json\/wp\/v2\/types\/nada"}],"wp:featuredmedia":[{"embeddable":true,"href":"https:\/\/sdf.hr\/hr\/wp-json\/wp\/v2\/media\/7207"}],"wp:attachment":[{"href":"https:\/\/sdf.hr\/hr\/wp-json\/wp\/v2\/media?parent=7208"}],"wp:term":[{"taxonomy":"post_tag","embeddable":true,"href":"https:\/\/sdf.hr\/hr\/wp-json\/wp\/v2\/tags?post=7208"},{"taxonomy":"atribut","embeddable":true,"href":"https:\/\/sdf.hr\/hr\/wp-json\/wp\/v2\/atribut?post=7208"}],"curies":[{"name":"wp","href":"https:\/\/api.w.org\/{rel}","templated":true}]}}

<p>Bundevijada je manifestacija koja se u Vrbovskom održava više od 20 godina i na njoj možete kušati raznovrsnu domaću hranu s naglaskom na bundevu, tikvu ili buču. Osim što je bundeva u centru zbivanja, održava se i bogat kulturno-umjetnički program, a mnoštvo izlagača na svojim štandovima nudi razne proizvode koje možete kupiti. Predivan je to šušur i izvrsna prilika za posjet Gorskom kotaru u ovo jesensko, najljepše doba kada sve pršti od boja, okusa i mirisa.</p>
<p>U natjecateljskom dijelu Bundevijade bira se najteža, najmanja i najzanimljivija bundeva. Također se biraju i najbolje slatko te najbolje slano jelo od bundeve. U tim izborima svi imaju priliku sudjelovati i pokazati svoje umijeće u kuhinji. Maštovitost recepata i jela od bundeve me oduševi svake godine i vjerujte, nema toga što se s bundevom ne može pripremiti.</p>
<p>Na prošloj Bundevijadi sam uz pomoć drage <strong>Martine Validžić</strong> pripremala ovu juhu od bundeve (koju inače obožavam) pa vam pišem recept za nju. Ova juha je bogata sastojcima, a zagrijat će vam i dušu i tijelo svojim okusom, mirisom i bojom. Prava je jesenska poslastica koju možete poslužiti uz prepečeni kruh ili hrskave krekere.</p>
<p>&nbsp;</p>
<p><strong><em>Sastojci (za otprilike 4 osobe):</em></strong></p>
<p>1 manja hokaido tikva</p>
<p>1 do 2 manje glavice žutog luka</p>
<p>1 do 2 mrkve</p>
<p>četvrt korijena celera</p>
<p>1 jabuka</p>
<p>1 do 2 režnja češnjaka</p>
<p>1 srednji krumpir</p>
<p>3 do 4 dl temeljca i još vode ukoliko je potrebno</p>
<p>1 dl bijelog vina</p>
<p>sol i papar</p>
<p>čili papričica (možete izostaviti ako ne volite ljuto)</p>
<p>muškatni oraščić</p>
<p>komadić svježeg đumbira</p>
<p>prstohvat majčine dušice</p>
<p>maslinovo ulje</p>
<p>bučino ulje i sjemenke</p>
<p>žlica jabučnog octa</p>
<p>&nbsp;</p>
<p><strong><em>Priprema:</em></strong></p>
<p>U posudu stavite par žlica maslinovog ulja pa dodajte nasjeckan luk, mrkvu i korijen celera. Pirjajte bez podlijevanja da se povrće lagano karamelizira pa mu dodajte protisnuti češnjak, majčinu dušicu i nasjeckanu jabuku. Još malo pirjajte te kada češnjak zamiriši, zalijte vinom i pustite da malo prokuha. Zatim dodajte dio temeljca. Ukoliko volite ljuto, dodajte i čili papričicu.</p>
<p>Hokaido tikvu ne morate guliti nego je samo operite i prepolovite pa očistite od sjemenki. Narežite je na kockice isto kao i krumpir pa dodajte u lonac i sve zalijte ostatkom temeljca i vodom. Neka lagano kuha uz povremeno miješanje.</p>
<p>Pri kraju kuhanja dodajte naribani đumbir, sol, papar i muškatni oraščić. Kada su krumpir i tikva omekšali, smiksajte juhu u blenderu ili izradite štapnim mikserom pa vratite na laganu vatru. Dolijte još vode ako je pregusto. Po želji i ukoliko nedostaje kiseline, dodajte malo octa i kuhajte još nekih deset minuta.</p>
<p>Gotovu juhu polijte bučinim uljem i pospite tostiranim sjemenkama bundeve pa uživajte svim čulima.</p>
<p>Dobar tek!</p>
<p><em>piše Valentina Vukadinović</em></p>

<p>Ova juha je bogata sastojcima, a zagrijat će vam i dušu i tijelo svojim okusom, mirisom i bojom. Prava je jesenska poslastica koju možete poslužiti uz prepečeni kruh ili hrskave krekere</p>

<!-- This site is optimized with the Yoast SEO plugin v27.4 - https://yoast.com/product/yoast-seo-wordpress/ -->
<title>Juha od bundeve - SDF - Srpski demokratski forum</title>
<meta name="robots" content="index, follow, max-snippet:-1, max-image-preview:large, max-video-preview:-1" />
<link rel="canonical" href="https://sdf.hr/hr/nada/juha-od-bundeve/" />
<meta property="og:locale" content="hr_HR" />
<meta property="og:type" content="article" />
<meta property="og:title" content="Juha od bundeve - SDF - Srpski demokratski forum" />
<meta property="og:description" content="Ova juha je bogata sastojcima, a zagrijat će vam i dušu i tijelo svojim okusom, mirisom i bojom. Prava je jesenska poslastica koju možete poslužiti uz prepečeni kruh ili hrskave krekere" />
<meta property="og:url" content="https://sdf.hr/hr/nada/juha-od-bundeve/" />
<meta property="og:site_name" content="SDF - Srpski demokratski forum" />
<meta property="article:modified_time" content="2025-10-18T05:23:00+00:00" />
<meta property="og:image" content="https://sdf.hr/wp-content/uploads/2025/10/Juha-scaled.jpg" />
	<meta property="og:image:width" content="2560" />
	<meta property="og:image:height" content="1417" />
	<meta property="og:image:type" content="image/jpeg" />
<meta name="twitter:card" content="summary_large_image" />
<meta name="twitter:label1" content="Procijenjeno vrijeme čitanja" />
	<meta name="twitter:data1" content="2 minute" />
<script type="application/ld+json" class="yoast-schema-graph">{"@context":"https:\/\/schema.org","@graph":[{"@type":"WebPage","@id":"https:\/\/sdf.hr\/hr\/nada\/juha-od-bundeve\/","url":"https:\/\/sdf.hr\/hr\/nada\/juha-od-bundeve\/","name":"Juha od bundeve - SDF - Srpski demokratski forum","isPartOf":{"@id":"https:\/\/sdf.hr\/#website"},"primaryImageOfPage":{"@id":"https:\/\/sdf.hr\/hr\/nada\/juha-od-bundeve\/#primaryimage"},"image":{"@id":"https:\/\/sdf.hr\/hr\/nada\/juha-od-bundeve\/#primaryimage"},"thumbnailUrl":"https:\/\/sdf.hr\/wp-content\/uploads\/2025\/10\/Juha-scaled.jpg","datePublished":"2025-10-18T05:22:08+00:00","dateModified":"2025-10-18T05:23:00+00:00","breadcrumb":{"@id":"https:\/\/sdf.hr\/hr\/nada\/juha-od-bundeve\/#breadcrumb"},"inLanguage":"hr","potentialAction":[{"@type":"ReadAction","target":["https:\/\/sdf.hr\/hr\/nada\/juha-od-bundeve\/"]}]},{"@type":"ImageObject","inLanguage":"hr","@id":"https:\/\/sdf.hr\/hr\/nada\/juha-od-bundeve\/#primaryimage","url":"https:\/\/sdf.hr\/wp-content\/uploads\/2025\/10\/Juha-scaled.jpg","contentUrl":"https:\/\/sdf.hr\/wp-content\/uploads\/2025\/10\/Juha-scaled.jpg","width":2560,"height":1417},{"@type":"BreadcrumbList","@id":"https:\/\/sdf.hr\/hr\/nada\/juha-od-bundeve\/#breadcrumb","itemListElement":[{"@type":"ListItem","position":1,"name":"Početna stranica","item":"https:\/\/sdf.hr\/hr\/"},{"@type":"ListItem","position":2,"name":"Nada","item":"https:\/\/sdf.hr\/nada\/"},{"@type":"ListItem","position":3,"name":"Juha od bundeve"}]},{"@type":"WebSite","@id":"https:\/\/sdf.hr\/#website","url":"https:\/\/sdf.hr\/","name":"SDF - Srpski demokratski forum","description":"Srpski demokratski forum","publisher":{"@id":"https:\/\/sdf.hr\/#organization"},"potentialAction":[{"@type":"SearchAction","target":{"@type":"EntryPoint","urlTemplate":"https:\/\/sdf.hr\/?s={search_term_string}"},"query-input":{"@type":"PropertyValueSpecification","valueRequired":true,"valueName":"search_term_string"}}],"inLanguage":"hr"},{"@type":"Organization","@id":"https:\/\/sdf.hr\/#organization","name":"SDF - Srpski demokratski forum","url":"https:\/\/sdf.hr\/","logo":{"@type":"ImageObject","inLanguage":"hr","@id":"https:\/\/sdf.hr\/#\/schema\/logo\/image\/","url":"https:\/\/sdf.hr\/wp-content\/uploads\/2021\/07\/logo-hr.svg","contentUrl":"https:\/\/sdf.hr\/wp-content\/uploads\/2021\/07\/logo-hr.svg","width":271,"height":100,"caption":"SDF - Srpski demokratski forum"},"image":{"@id":"https:\/\/sdf.hr\/#\/schema\/logo\/image\/"}}]}</script>
<!-- / Yoast SEO plugin. -->

Ova juha je bogata sastojcima, a zagrijat će vam i dušu i tijelo svojim okusom, mirisom i bojom. Prava je jesenska poslastica koju možete poslužiti uz prepečeni kruh ili hrskave krekere

Početna stranica
